Last updated on 2022-05-17 19:04:37 CEST.
Flavor | Version | Tinstall | Tcheck | Ttotal | Status | Flags |
---|---|---|---|---|---|---|
r-devel-linux-x86_64-debian-clang | 0.2.7 | 75.40 | 237.92 | 313.32 | NOTE | |
r-devel-linux-x86_64-debian-gcc | 0.2.7 | 61.14 | 172.52 | 233.66 | NOTE | |
r-devel-linux-x86_64-fedora-clang | 0.2.7 | 403.65 | OK | |||
r-devel-linux-x86_64-fedora-gcc | 0.2.7 | 366.52 | OK | |||
r-devel-windows-x86_64 | 0.2.7 | 85.00 | 270.00 | 355.00 | OK | |
r-patched-linux-x86_64 | 0.2.7 | 70.40 | 228.57 | 298.97 | NOTE | |
r-release-linux-x86_64 | 0.2.7 | 69.16 | 221.49 | 290.65 | NOTE | |
r-release-macos-arm64 | 0.2.7 | 87.00 | OK | |||
r-release-macos-x86_64 | 0.2.7 | 123.00 | OK | |||
r-release-windows-x86_64 | 0.2.7 | 91.00 | 255.00 | 346.00 | OK | |
r-oldrel-macos-arm64 | 0.2.7 | 88.00 | OK | |||
r-oldrel-macos-x86_64 | 0.2.7 | 112.00 | OK | |||
r-oldrel-windows-ix86+x86_64 | 0.2.7 | 157.00 | 259.00 | 416.00 | OK |
Version: 0.2.7
Check: R code for possible problems
Result: NOTE
Found the following calls to attach():
File 'apollo/R/apollo_attach.R':
attach(as.list(apollo_beta), warn.conflicts = FALSE)
attach(database, warn.conflicts = FALSE)
attach(draws, warn.conflicts = FALSE)
attach(randcoeff, warn.conflicts = FALSE)
attach(lcpars, warn.conflicts = FALSE)
See section 'Good practice' in '?attach'.
Flavors: r-devel-linux-x86_64-debian-clang, r-devel-linux-x86_64-debian-gcc, r-patched-linux-x86_64, r-release-linux-x86_64