CRAN Package Check Results for Package apsimx

Last updated on 2022-05-28 08:51:59 CEST.

Flavor Version Tinstall Tcheck Ttotal Status Flags
r-devel-linux-x86_64-debian-clang 2.3.1 18.58 212.53 231.11 OK
r-devel-linux-x86_64-debian-gcc 2.3.1 15.17 157.77 172.94 OK
r-devel-linux-x86_64-fedora-clang 2.3.1 269.56 NOTE
r-devel-linux-x86_64-fedora-gcc 2.3.1 270.69 OK
r-devel-windows-x86_64 2.3.1 84.00 242.00 326.00 NOTE
r-patched-linux-x86_64 2.3.1 21.46 199.84 221.30 OK
r-release-linux-x86_64 2.3.1 18.74 200.32 219.06 OK
r-release-macos-arm64 2.3.1 77.00 NOTE
r-release-macos-x86_64 2.3.1 106.00 NOTE
r-release-windows-x86_64 2.3.1 72.00 304.00 376.00 NOTE
r-oldrel-macos-arm64 2.3.1 70.00 NOTE
r-oldrel-macos-x86_64 2.3.1 105.00 NOTE
r-oldrel-windows-ix86+x86_64 2.3.1 37.00 236.00 273.00 NOTE

Check Details

Version: 2.3.1
Check: installed package size
Result: NOTE
     installed size is 6.8Mb
     sub-directories of 1Mb or more:
     extdata 5.4Mb
Flavors: r-devel-linux-x86_64-fedora-clang, r-devel-windows-x86_64, r-release-macos-arm64, r-release-macos-x86_64, r-release-windows-x86_64, r-oldrel-macos-arm64, r-oldrel-macos-x86_64, r-oldrel-windows-ix86+x86_64