Last updated on 2022-05-28 07:55:52 CEST.
Flavor | Version | Tinstall | Tcheck | Ttotal | Status | Flags |
---|---|---|---|---|---|---|
r-devel-linux-x86_64-debian-clang | 1.42 | 28.96 | 361.92 | 390.88 | OK | |
r-devel-linux-x86_64-debian-gcc | 1.42 | 21.00 | 233.93 | 254.93 | OK | |
r-devel-linux-x86_64-fedora-clang | 1.42 | 229.32 | OK | |||
r-devel-linux-x86_64-fedora-gcc | 1.42 | 196.07 | OK | |||
r-devel-windows-x86_64 | 1.42 | 137.00 | 340.00 | 477.00 | OK | |
r-patched-linux-x86_64 | 1.42 | 31.15 | 302.35 | 333.50 | OK | |
r-release-linux-x86_64 | 1.42 | 19.35 | 300.37 | 319.72 | NOTE | |
r-release-macos-arm64 | 1.42 | 91.00 | OK | |||
r-release-macos-x86_64 | 1.42 | 136.00 | OK | |||
r-release-windows-x86_64 | 1.42 | 152.00 | 351.00 | 503.00 | OK | |
r-oldrel-macos-arm64 | 1.42 | 91.00 | OK | |||
r-oldrel-macos-x86_64 | 1.42 | 131.00 | OK | |||
r-oldrel-windows-ix86+x86_64 | 1.42 | 41.00 | 352.00 | 393.00 | OK |
Version: 1.42
Check: package dependencies
Result: NOTE
Package suggested but not available for checking: ‘markovchain’
Flavor: r-release-linux-x86_64