CRAN Package Check Results for Package arabic2kansuji

Last updated on 2022-05-21 19:51:36 CEST.

Flavor Version Tinstall Tcheck Ttotal Status Flags
r-devel-linux-x86_64-debian-clang 0.1.1 1.76 31.59 33.35 NOTE
r-devel-linux-x86_64-debian-gcc 0.1.1 1.58 24.91 26.49 NOTE
r-devel-linux-x86_64-fedora-clang 0.1.1 43.71 NOTE
r-devel-linux-x86_64-fedora-gcc 0.1.1 39.81 NOTE
r-devel-windows-x86_64 0.1.1 11.00 52.00 63.00 NOTE
r-patched-linux-x86_64 0.1.1 1.65 30.61 32.26 NOTE
r-release-linux-x86_64 0.1.1 1.75 31.09 32.84 NOTE
r-release-macos-arm64 0.1.1 16.00 NOTE
r-release-macos-x86_64 0.1.1 21.00 NOTE
r-release-windows-x86_64 0.1.1 12.00 52.00 64.00 NOTE
r-oldrel-macos-arm64 0.1.1 21.00 NOTE
r-oldrel-macos-x86_64 0.1.1 27.00 NOTE
r-oldrel-windows-ix86+x86_64 0.1.1 6.00 42.00 48.00 NOTE

Check Details

Version: 0.1.1
Check: LazyData
Result: NOTE
     'LazyData' is specified without a 'data' directory
Flavors: r-devel-linux-x86_64-debian-clang, r-devel-linux-x86_64-debian-gcc, r-devel-linux-x86_64-fedora-clang, r-devel-linux-x86_64-fedora-gcc, r-devel-windows-x86_64, r-patched-linux-x86_64, r-release-linux-x86_64, r-release-macos-arm64, r-release-macos-x86_64, r-release-windows-x86_64, r-oldrel-macos-arm64, r-oldrel-macos-x86_64, r-oldrel-windows-ix86+x86_64