Last updated on 2022-05-21 23:50:52 CEST.
Flavor | Version | Tinstall | Tcheck | Ttotal | Status | Flags |
---|---|---|---|---|---|---|
r-devel-linux-x86_64-debian-clang | 1.1.5 | 24.94 | 57.67 | 82.61 | OK | |
r-devel-linux-x86_64-debian-gcc | 1.1.5 | 23.47 | 43.12 | 66.59 | OK | |
r-devel-linux-x86_64-fedora-clang | 1.1.5 | 116.52 | OK | |||
r-devel-linux-x86_64-fedora-gcc | 1.1.5 | 103.38 | OK | |||
r-devel-windows-x86_64 | 1.1.5 | 51.00 | 96.00 | 147.00 | OK | |
r-patched-linux-x86_64 | 1.1.5 | 26.27 | 53.46 | 79.73 | OK | |
r-release-linux-x86_64 | 1.1.5 | 25.61 | 54.10 | 79.71 | OK | |
r-release-macos-arm64 | 1.1.5 | 32.00 | OK | |||
r-release-macos-x86_64 | 1.1.5 | 45.00 | OK | |||
r-release-windows-x86_64 | 1.1.5 | 55.00 | 94.00 | 149.00 | OK | |
r-oldrel-macos-arm64 | 1.1.5 | 31.00 | OK | |||
r-oldrel-macos-x86_64 | 1.1.5 | 42.00 | OK | |||
r-oldrel-windows-ix86+x86_64 | 1.1.5 | 112.00 | 98.00 | 210.00 | NOTE |
Version: 1.1.5
Check: installed package size
Result: NOTE
installed size is 6.8Mb
sub-directories of 1Mb or more:
libs 6.1Mb
Flavor: r-oldrel-windows-ix86+x86_64