Last updated on 2022-05-18 03:53:31 CEST.
Flavor | Version | Tinstall | Tcheck | Ttotal | Status | Flags |
---|---|---|---|---|---|---|
r-devel-linux-x86_64-debian-clang | 0.2.3 | 8.37 | 162.04 | 170.41 | OK | |
r-devel-linux-x86_64-debian-gcc | 0.2.3 | 7.01 | 116.58 | 123.59 | OK | |
r-devel-linux-x86_64-fedora-clang | 0.2.5 | 200.07 | NOTE | |||
r-devel-linux-x86_64-fedora-gcc | 0.2.5 | 209.85 | NOTE | |||
r-devel-windows-x86_64 | 0.2.5 | 46.00 | 192.00 | 238.00 | OK | |
r-patched-linux-x86_64 | 0.2.3 | 8.98 | 149.47 | 158.45 | OK | |
r-release-linux-x86_64 | 0.2.3 | 8.88 | 149.23 | 158.11 | OK | |
r-release-macos-arm64 | 0.2.5 | 89.00 | NOTE | |||
r-release-macos-x86_64 | 0.2.3 | 145.00 | NOTE | |||
r-release-windows-x86_64 | 0.2.3 | 55.00 | 195.00 | 250.00 | OK | |
r-oldrel-macos-arm64 | 0.2.5 | 84.00 | NOTE | |||
r-oldrel-macos-x86_64 | 0.2.3 | 110.00 | NOTE | |||
r-oldrel-windows-ix86+x86_64 | 0.2.3 | 20.00 | 195.00 | 215.00 | OK |
Version: 0.2.5
Check: dependencies in R code
Result: NOTE
Namespaces in Imports field not imported from:
‘DT’ ‘bslib’ ‘methods’ ‘rgdal’
All declared Imports should be used.
Flavors: r-devel-linux-x86_64-fedora-clang, r-devel-linux-x86_64-fedora-gcc, r-release-macos-arm64, r-oldrel-macos-arm64
Version: 0.2.3
Check: dependencies in R code
Result: NOTE
Namespaces in Imports field not imported from:
‘DT’ ‘bslib’ ‘methods’ ‘rgdal’
All declared Imports should be used.
Flavors: r-release-macos-x86_64, r-oldrel-macos-x86_64