Last updated on 2022-05-20 15:52:00 CEST.
Flavor | Version | Tinstall | Tcheck | Ttotal | Status | Flags |
---|---|---|---|---|---|---|
r-devel-linux-x86_64-debian-clang | 2.4.0 | 4.45 | 247.87 | 252.32 | NOTE | |
r-devel-linux-x86_64-debian-gcc | 2.4.0 | 3.42 | 252.40 | 255.82 | NOTE | |
r-devel-linux-x86_64-fedora-clang | 2.4.0 | 412.95 | NOTE | |||
r-devel-linux-x86_64-fedora-gcc | 2.4.0 | 386.85 | NOTE | |||
r-devel-windows-x86_64 | 2.4.0 | 154.00 | 476.00 | 630.00 | NOTE | |
r-patched-linux-x86_64 | 2.4.0 | 4.98 | 309.05 | 314.03 | NOTE | |
r-release-linux-x86_64 | 2.4.0 | 3.43 | 316.71 | 320.14 | NOTE | |
r-release-macos-arm64 | 2.4.0 | 102.00 | NOTE | |||
r-release-macos-x86_64 | 2.4.0 | 174.00 | NOTE | |||
r-release-windows-x86_64 | 2.4.0 | 124.00 | 496.00 | 620.00 | NOTE | |
r-oldrel-macos-arm64 | 2.4.0 | 134.00 | NOTE | |||
r-oldrel-macos-x86_64 | 2.4.0 | 193.00 | NOTE | |||
r-oldrel-windows-ix86+x86_64 | 2.4.0 | 11.00 | 306.00 | 317.00 | NOTE |
Version: 2.4.0
Check: LazyData
Result: NOTE
'LazyData' is specified without a 'data' directory
Flavors: r-devel-linux-x86_64-debian-clang, r-devel-linux-x86_64-debian-gcc, r-devel-linux-x86_64-fedora-clang, r-devel-linux-x86_64-fedora-gcc, r-devel-windows-x86_64, r-patched-linux-x86_64, r-release-linux-x86_64, r-release-macos-arm64, r-release-macos-x86_64, r-release-windows-x86_64, r-oldrel-macos-arm64, r-oldrel-macos-x86_64, r-oldrel-windows-ix86+x86_64