CRAN Package Check Results for Package aslib

Last updated on 2022-05-23 00:50:50 CEST.

Flavor Version Tinstall Tcheck Ttotal Status Flags
r-devel-linux-x86_64-debian-clang 0.1.1 20.92 209.54 230.46 NOTE
r-devel-linux-x86_64-debian-gcc 0.1.1 17.28 161.37 178.65 NOTE
r-devel-linux-x86_64-fedora-clang 0.1.1 266.08 NOTE
r-devel-linux-x86_64-fedora-gcc 0.1.1 268.49 NOTE
r-devel-windows-x86_64 0.1.1 59.00 194.00 253.00 NOTE
r-patched-linux-x86_64 0.1.1 22.07 203.13 225.20 NOTE
r-release-linux-x86_64 0.1.1 21.40 203.46 224.86 NOTE
r-release-macos-arm64 0.1.1 65.00 NOTE
r-release-macos-x86_64 0.1.1 132.00 NOTE
r-release-windows-x86_64 0.1.1 55.00 185.00 240.00 NOTE
r-oldrel-macos-arm64 0.1.1 88.00 NOTE
r-oldrel-macos-x86_64 0.1.1 116.00 NOTE
r-oldrel-windows-ix86+x86_64 0.1.1 46.00 201.00 247.00 NOTE

Check Details

Version: 0.1.1
Check: LazyData
Result: NOTE
     'LazyData' is specified without a 'data' directory
Flavors: r-devel-linux-x86_64-debian-clang, r-devel-linux-x86_64-debian-gcc, r-devel-linux-x86_64-fedora-clang, r-devel-linux-x86_64-fedora-gcc, r-devel-windows-x86_64, r-patched-linux-x86_64, r-release-linux-x86_64, r-release-macos-arm64, r-release-macos-x86_64, r-release-windows-x86_64, r-oldrel-macos-arm64, r-oldrel-macos-x86_64, r-oldrel-windows-ix86+x86_64