CRAN Package Check Results for Package assertive.code

Last updated on 2022-08-19 23:51:32 CEST.

Flavor Version Tinstall Tcheck Ttotal Status Flags
r-devel-linux-x86_64-debian-clang 0.0-3 2.64 28.63 31.27 NOTE
r-devel-linux-x86_64-debian-gcc 0.0-3 1.64 22.39 24.03 NOTE
r-devel-linux-x86_64-fedora-clang 0.0-3 49.07 NOTE
r-devel-linux-x86_64-fedora-gcc 0.0-3 46.62 NOTE
r-devel-windows-x86_64 0.0-3 6.00 53.00 59.00 NOTE
r-patched-linux-x86_64 0.0-3 2.67 27.24 29.91 NOTE
r-release-linux-x86_64 0.0-3 NOTE
r-release-macos-arm64 0.0-3 17.00 NOTE
r-release-macos-x86_64 0.0-3 23.00 NOTE
r-release-windows-x86_64 0.0-3 31.00 56.00 87.00 NOTE
r-oldrel-macos-arm64 0.0-3 22.00 NOTE
r-oldrel-macos-x86_64 0.0-3 25.00 NOTE
r-oldrel-windows-ix86+x86_64 0.0-3 6.00 52.00 58.00 NOTE

Check Details

Version: 0.0-3
Check: LazyData
Result: NOTE
     'LazyData' is specified without a 'data' directory
Flavors: r-devel-linux-x86_64-debian-clang, r-devel-linux-x86_64-debian-gcc, r-devel-linux-x86_64-fedora-clang, r-devel-linux-x86_64-fedora-gcc, r-devel-windows-x86_64, r-patched-linux-x86_64, r-release-linux-x86_64, r-release-macos-arm64, r-release-macos-x86_64, r-release-windows-x86_64, r-oldrel-macos-arm64, r-oldrel-macos-x86_64, r-oldrel-windows-ix86+x86_64