CRAN Package Check Results for Package attrib

Last updated on 2022-01-22 18:50:49 CET.

Flavor Version Tinstall Tcheck Ttotal Status Flags
r-devel-linux-x86_64-debian-clang 2021.1.2 3.28 211.67 214.95 OK
r-devel-linux-x86_64-debian-gcc 2021.1.2 2.51 167.31 169.82 OK
r-devel-linux-x86_64-fedora-clang 2021.1.2 251.12 NOTE
r-devel-linux-x86_64-fedora-gcc 2021.1.2 240.52 NOTE
r-devel-windows-x86_64-new-UL 2021.1.2 19.00 238.00 257.00 OK
r-devel-windows-x86_64-new-TK 2021.1.2 NOTE
r-patched-linux-x86_64 2021.1.2 3.39 201.48 204.87 OK
r-release-linux-x86_64 2021.1.2 3.11 231.79 234.90 OK
r-release-macos-arm64 2021.1.2 NOTE
r-release-macos-x86_64 2021.1.2 NOTE
r-release-windows-ix86+x86_64 2021.1.2 8.00 241.00 249.00 OK
r-oldrel-macos-x86_64 2021.1.2 NOTE
r-oldrel-windows-ix86+x86_64 2021.1.2 8.00 242.00 250.00 OK

Check Details

Version: 2021.1.2
Check: dependencies in R code
Result: NOTE
    Namespaces in Imports field not imported from:
     ‘dlnm’ ‘ggplot2’ ‘lubridate’ ‘mvmeta’ ‘pbs’ ‘tsModel’
     All declared Imports should be used.
Flavors: r-devel-linux-x86_64-fedora-clang, r-devel-linux-x86_64-fedora-gcc, r-devel-windows-x86_64-new-TK, r-release-macos-arm64, r-release-macos-x86_64, r-oldrel-macos-x86_64