Last updated on 2022-06-27 10:54:18 CEST.
Flavor | Version | Tinstall | Tcheck | Ttotal | Status | Flags |
---|---|---|---|---|---|---|
r-devel-linux-x86_64-debian-clang | 0.1-10 | 6.13 | 25.18 | 31.31 | NOTE | |
r-devel-linux-x86_64-debian-gcc | 0.1-10 | 4.37 | 19.80 | 24.17 | NOTE | |
r-devel-linux-x86_64-fedora-clang | 0.1-10 | 48.87 | OK | |||
r-devel-linux-x86_64-fedora-gcc | 0.1-10 | 48.02 | OK | |||
r-devel-windows-x86_64 | 0.1-10 | 22.00 | 46.00 | 68.00 | OK | |
r-patched-linux-x86_64 | 0.1-10 | 4.89 | 24.80 | 29.69 | NOTE | |
r-release-linux-x86_64 | 0.1-10 | 5.05 | 24.84 | 29.89 | NOTE | |
r-release-macos-arm64 | 0.1-10 | 21.00 | OK | |||
r-release-macos-x86_64 | 0.1-10 | 27.00 | OK | |||
r-release-windows-x86_64 | 0.1-10 | 19.00 | 46.00 | 65.00 | OK | |
r-oldrel-macos-arm64 | 0.1-10 | 33.00 | OK | |||
r-oldrel-macos-x86_64 | 0.1-10 | 37.00 | OK | |||
r-oldrel-windows-ix86+x86_64 | 0.1-10 | 17.00 | 36.00 | 53.00 | OK |
Version: 0.1-10
Check: compiled code
Result: NOTE
File 'audio/libs/audio.so':
Found non-API call to R: 'R_checkActivity'
Compiled code should not call non-API entry points in R.
See 'Writing portable packages' in the 'Writing R Extensions' manual.
Flavors: r-devel-linux-x86_64-debian-clang, r-devel-linux-x86_64-debian-gcc, r-patched-linux-x86_64, r-release-linux-x86_64