CRAN Package Check Results for Package auto.pca

Last updated on 2022-05-19 10:55:39 CEST.

Flavor Version Tinstall Tcheck Ttotal Status Flags
r-devel-linux-x86_64-debian-clang 0.3 2.58 39.88 42.46 NOTE
r-devel-linux-x86_64-debian-gcc 0.3 2.45 31.22 33.67 NOTE
r-devel-linux-x86_64-fedora-clang 0.3 53.72 NOTE
r-devel-linux-x86_64-fedora-gcc 0.3 51.65 NOTE
r-devel-windows-x86_64 0.3 9.00 54.00 63.00 NOTE
r-patched-linux-x86_64 0.3 2.47 37.91 40.38 NOTE
r-release-linux-x86_64 0.3 2.28 38.96 41.24 NOTE
r-release-macos-arm64 0.3 18.00 NOTE
r-release-macos-x86_64 0.3 24.00 NOTE
r-release-windows-x86_64 0.3 11.00 56.00 67.00 NOTE
r-oldrel-macos-arm64 0.3 24.00 NOTE
r-oldrel-macos-x86_64 0.3 31.00 NOTE
r-oldrel-windows-ix86+x86_64 0.3 9.00 53.00 62.00 NOTE

Check Details

Version: 0.3
Check: LazyData
Result: NOTE
     'LazyData' is specified without a 'data' directory
Flavors: r-devel-linux-x86_64-debian-clang, r-devel-linux-x86_64-debian-gcc, r-devel-linux-x86_64-fedora-clang, r-devel-linux-x86_64-fedora-gcc, r-devel-windows-x86_64, r-patched-linux-x86_64, r-release-linux-x86_64, r-release-macos-arm64, r-release-macos-x86_64, r-release-windows-x86_64, r-oldrel-macos-arm64, r-oldrel-macos-x86_64, r-oldrel-windows-ix86+x86_64