Last updated on 2023-03-20 13:53:02 CET.
Flavor | Version | Tinstall | Tcheck | Ttotal | Status | Flags |
---|---|---|---|---|---|---|
r-devel-linux-x86_64-debian-clang | 0.1.0 | OK | ||||
r-devel-linux-x86_64-debian-gcc | 0.1.0 | 7.48 | 57.38 | 64.86 | OK | |
r-devel-linux-x86_64-fedora-clang | 0.1.0 | 108.11 | OK | |||
r-devel-linux-x86_64-fedora-gcc | 0.1.0 | 98.05 | OK | |||
r-devel-windows-x86_64 | 0.1.0 | 36.00 | 118.00 | 154.00 | OK | |
r-patched-linux-x86_64 | 0.1.0 | 8.07 | 74.27 | 82.34 | OK | |
r-release-linux-x86_64 | 0.1.0 | 6.22 | 74.17 | 80.39 | OK | |
r-release-macos-arm64 | 0.1.0 | 34.00 | OK | |||
r-release-macos-x86_64 | 0.1.0 | 45.00 | OK | |||
r-release-windows-x86_64 | 0.1.0 | 29.00 | 109.00 | 138.00 | OK | |
r-oldrel-macos-arm64 | 0.1.0 | 9.00 | ERROR | |||
r-oldrel-macos-x86_64 | 0.1.0 | 11.00 | ERROR | |||
r-oldrel-windows-ix86+x86_64 | 0.1.0 | 4.00 | 20.00 | 24.00 | ERROR |
Version: 0.1.0
Check: package dependencies
Result: ERROR
Package required and available but unsuitable version: ‘methods’
See section ‘The DESCRIPTION file’ in the ‘Writing R Extensions’
manual.
Flavors: r-oldrel-macos-arm64, r-oldrel-macos-x86_64, r-oldrel-windows-ix86+x86_64