CRAN Package Check Results for Package aweSOM

Last updated on 2022-05-19 03:55:50 CEST.

Flavor Version Tinstall Tcheck Ttotal Status Flags
r-devel-linux-x86_64-debian-clang 1.2 6.67 69.51 76.18 OK
r-devel-linux-x86_64-debian-gcc 1.2 3.89 53.39 57.28 OK
r-devel-linux-x86_64-fedora-clang 1.2 93.55 NOTE
r-devel-linux-x86_64-fedora-gcc 1.2 89.02 NOTE
r-devel-windows-x86_64 1.2 18.00 97.00 115.00 OK
r-patched-linux-x86_64 1.2 6.62 66.38 73.00 OK
r-release-linux-x86_64 1.2 4.07 66.08 70.15 OK
r-release-macos-arm64 1.2 26.00 NOTE
r-release-macos-x86_64 1.2 46.00 NOTE
r-release-windows-x86_64 1.2 17.00 99.00 116.00 OK
r-oldrel-macos-arm64 1.2 90.00 NOTE
r-oldrel-macos-x86_64 1.2 42.00 NOTE
r-oldrel-windows-ix86+x86_64 1.2 14.00 85.00 99.00 OK

Check Details

Version: 1.2
Check: dependencies in R code
Result: NOTE
    Namespaces in Imports field not imported from:
     ‘DT’ ‘bslib’ ‘rclipboard’ ‘rmarkdown’
     All declared Imports should be used.
Flavors: r-devel-linux-x86_64-fedora-clang, r-devel-linux-x86_64-fedora-gcc, r-release-macos-arm64, r-release-macos-x86_64, r-oldrel-macos-arm64, r-oldrel-macos-x86_64