CRAN Package Check Results for Package babette

Last updated on 2022-05-28 21:50:35 CEST.

Flavor Version Tinstall Tcheck Ttotal Status Flags
r-devel-linux-x86_64-debian-clang 2.3 4.80 72.55 77.35 OK
r-devel-linux-x86_64-debian-gcc 2.3 3.43 57.14 60.57 OK
r-devel-linux-x86_64-fedora-clang 2.3 89.51 OK
r-devel-linux-x86_64-fedora-gcc 2.3 89.79 OK
r-devel-windows-x86_64 2.3 102.00 125.00 227.00 OK
r-patched-linux-x86_64 2.3 10.16 71.57 81.73 OK
r-release-linux-x86_64 2.3 4.22 70.40 74.62 OK
r-release-macos-arm64 2.3 42.00 OK
r-release-macos-x86_64 2.3 54.00 OK
r-release-windows-x86_64 2.3 182.00 121.00 303.00 OK
r-oldrel-macos-arm64 2.3 33.00 OK
r-oldrel-macos-x86_64 2.3 42.00 OK
r-oldrel-windows-ix86+x86_64 2.3 12.00 70.00 82.00 WARN

Check Details

Version: 2.3
Check: re-building of vignette outputs
Result: WARN
    Error(s) in re-building vignettes:
    --- re-building 'demo.Rmd' using rmarkdown
    Quitting from lines 21-34 (demo.Rmd)
    Error: processing vignette 'demo.Rmd' failed with diagnostics:
    Files found in beautier folder.
    beautier_folder: C:\Users\CRAN\AppData\Local/beautier/beautier/Cache
    length(list.files(beautier_folder))): 3
    head(list.files(beautier_folder)): C:\Users\CRAN\AppData\Local/beautier/beautier/Cache/file13670ff35c02,C:\Users\CRAN\AppData\Local/beautier/beautier/Cache/file178c45757dd,C:\Users\CRAN\AppData\Local/beautier/beautier/Cache/fileb9f87bd32678
    --- failed re-building 'demo.Rmd'
    
    --- re-building 'examples.Rmd' using rmarkdown
    Quitting from lines 20-22 (examples.Rmd)
    Error: processing vignette 'examples.Rmd' failed with diagnostics:
    Files found in beautier folder.
    beautier_folder: C:\Users\CRAN\AppData\Local/beautier/beautier/Cache
    length(list.files(beautier_folder))): 3
    head(list.files(beautier_folder)): C:\Users\CRAN\AppData\Local/beautier/beautier/Cache/file13670ff35c02,C:\Users\CRAN\AppData\Local/beautier/beautier/Cache/file178c45757dd,C:\Users\CRAN\AppData\Local/beautier/beautier/Cache/fileb9f87bd32678
    --- failed re-building 'examples.Rmd'
    
    --- re-building 'nested_sampling.Rmd' using rmarkdown
    Quitting from lines 20-22 (nested_sampling.Rmd)
    Error: processing vignette 'nested_sampling.Rmd' failed with diagnostics:
    Files found in beautier folder.
    beautier_folder: C:\Users\CRAN\AppData\Local/beautier/beautier/Cache
    length(list.files(beautier_folder))): 3
    head(list.files(beautier_folder)): C:\Users\CRAN\AppData\Local/beautier/beautier/Cache/file13670ff35c02,C:\Users\CRAN\AppData\Local/beautier/beautier/Cache/file178c45757dd,C:\Users\CRAN\AppData\Local/beautier/beautier/Cache/fileb9f87bd32678
    --- failed re-building 'nested_sampling.Rmd'
    
    --- re-building 'step_by_step.Rmd' using rmarkdown
    Quitting from lines 20-23 (step_by_step.Rmd)
    Error: processing vignette 'step_by_step.Rmd' failed with diagnostics:
    Files found in beautier folder.
    beautier_folder: C:\Users\CRAN\AppData\Local/beautier/beautier/Cache
    length(list.files(beautier_folder))): 3
    head(list.files(beautier_folder)): C:\Users\CRAN\AppData\Local/beautier/beautier/Cache/file13670ff35c02,C:\Users\CRAN\AppData\Local/beautier/beautier/Cache/file178c45757dd,C:\Users\CRAN\AppData\Local/beautier/beautier/Cache/fileb9f87bd32678
    --- failed re-building 'step_by_step.Rmd'
    
    --- re-building 'tutorial.Rmd' using rmarkdown
    Quitting from lines 21-23 (tutorial.Rmd)
    Error: processing vignette 'tutorial.Rmd' failed with diagnostics:
    Files found in beautier folder.
    beautier_folder: C:\Users\CRAN\AppData\Local/beautier/beautier/Cache
    length(list.files(beautier_folder))): 3
    head(list.files(beautier_folder)): C:\Users\CRAN\AppData\Local/beautier/beautier/Cache/file13670ff35c02,C:\Users\CRAN\AppData\Local/beautier/beautier/Cache/file178c45757dd,C:\Users\CRAN\AppData\Local/beautier/beautier/Cache/fileb9f87bd32678
    --- failed re-building 'tutorial.Rmd'
    
    SUMMARY: processing the following files failed:
     'demo.Rmd' 'examples.Rmd' 'nested_sampling.Rmd' 'step_by_step.Rmd'
     'tutorial.Rmd'
    
    Error: Vignette re-building failed.
    Execution halted
Flavor: r-oldrel-windows-ix86+x86_64