CRAN Package Check Results for Package bamlss

Last updated on 2022-01-27 01:50:25 CET.

Flavor Version Tinstall Tcheck Ttotal Status Flags
r-devel-linux-x86_64-debian-clang 1.1-6 77.80 427.58 505.38 OK
r-devel-linux-x86_64-debian-gcc 1.1-6 63.79 310.67 374.46 OK
r-devel-linux-x86_64-fedora-clang 1.1-6 649.98 NOTE
r-devel-linux-x86_64-fedora-gcc 1.1-6 639.55 OK
r-devel-windows-x86_64-new-UL 1.1-6 178.00 432.00 610.00 NOTE
r-devel-windows-x86_64-new-TK 1.1-6 OK
r-patched-linux-x86_64 1.1-6 79.45 406.69 486.14 OK
r-release-linux-x86_64 1.1-6 75.04 404.17 479.21 OK
r-release-macos-arm64 1.1-6 NOTE
r-release-macos-x86_64 1.1-6 NOTE
r-release-windows-ix86+x86_64 1.1-6 123.00 514.00 637.00 NOTE
r-oldrel-macos-x86_64 1.1-6 NOTE
r-oldrel-windows-ix86+x86_64 1.1-6 120.00 511.00 631.00 NOTE

Check Details

Version: 1.1-6
Check: installed package size
Result: NOTE
     installed size is 6.3Mb
     sub-directories of 1Mb or more:
     R 2.5Mb
     data 1.3Mb
     doc 1.8Mb
Flavors: r-devel-linux-x86_64-fedora-clang, r-devel-windows-x86_64-new-UL, r-release-macos-arm64, r-release-macos-x86_64, r-release-windows-ix86+x86_64, r-oldrel-macos-x86_64, r-oldrel-windows-ix86+x86_64

Version: 1.1-6
Check: Rd cross-references
Result: NOTE
    Undeclared package ‘BayesXsrc’ in Rd xrefs
Flavor: r-devel-linux-x86_64-fedora-clang