CRAN Package Check Results for Package bannerCommenter

Last updated on 2022-05-18 08:51:49 CEST.

Flavor Version Tinstall Tcheck Ttotal Status Flags
r-devel-linux-x86_64-debian-clang 1.0.0 1.92 38.05 39.97 NOTE
r-devel-linux-x86_64-debian-gcc 1.0.0 1.55 28.78 30.33 NOTE
r-devel-linux-x86_64-fedora-clang 1.0.0 48.27 NOTE
r-devel-linux-x86_64-fedora-gcc 1.0.0 46.91 NOTE
r-devel-windows-x86_64 1.0.0 54.00 63.00 117.00 NOTE
r-patched-linux-x86_64 1.0.0 2.07 36.33 38.40 NOTE
r-release-linux-x86_64 1.0.0 2.02 35.61 37.63 NOTE
r-release-macos-arm64 1.0.0 19.00 NOTE
r-release-macos-x86_64 1.0.0 29.00 NOTE
r-release-windows-x86_64 1.0.0 61.00 60.00 121.00 NOTE
r-oldrel-macos-arm64 1.0.0 22.00 NOTE
r-oldrel-macos-x86_64 1.0.0 31.00 NOTE
r-oldrel-windows-ix86+x86_64 1.0.0 6.00 51.00 57.00 NOTE

Check Details

Version: 1.0.0
Check: LazyData
Result: NOTE
     'LazyData' is specified without a 'data' directory
Flavors: r-devel-linux-x86_64-debian-clang, r-devel-linux-x86_64-debian-gcc, r-devel-linux-x86_64-fedora-clang, r-devel-linux-x86_64-fedora-gcc, r-devel-windows-x86_64, r-patched-linux-x86_64, r-release-linux-x86_64, r-release-macos-arm64, r-release-macos-x86_64, r-release-windows-x86_64, r-oldrel-macos-arm64, r-oldrel-macos-x86_64, r-oldrel-windows-ix86+x86_64