CRAN Package Check Results for Package barcode

Last updated on 2022-05-19 09:53:07 CEST.

Flavor Version Tinstall Tcheck Ttotal Status Flags
r-devel-linux-x86_64-debian-clang 1.3.0 2.41 35.74 38.15 OK
r-devel-linux-x86_64-debian-gcc 1.3.0 1.86 27.12 28.98 OK
r-devel-linux-x86_64-fedora-clang 1.3.0 46.67 NOTE
r-devel-linux-x86_64-fedora-gcc 1.3.0 46.75 OK
r-devel-windows-x86_64 1.3.0 8.00 50.00 58.00 OK
r-patched-linux-x86_64 1.3.0 2.60 33.59 36.19 OK
r-release-linux-x86_64 1.3.0 2.03 34.31 36.34 OK
r-release-macos-arm64 1.3.0 17.00 OK
r-release-macos-x86_64 1.3.0 25.00 OK
r-release-windows-x86_64 1.3.0 9.00 50.00 59.00 OK
r-oldrel-macos-arm64 1.3.0 14.00 OK
r-oldrel-macos-x86_64 1.3.0 23.00 OK
r-oldrel-windows-ix86+x86_64 1.3.0 6.00 44.00 50.00 OK

Check Details

Version: 1.3.0
Check: Rd cross-references
Result: NOTE
    Undeclared package ‘YaleToolkit’ in Rd xrefs
Flavor: r-devel-linux-x86_64-fedora-clang