CRAN Package Check Results for Package baseballr

Last updated on 2023-02-04 09:56:23 CET.

Flavor Version Tinstall Tcheck Ttotal Status Flags
r-devel-linux-x86_64-debian-clang 1.3.0 25.19 160.89 186.08 ERROR
r-devel-linux-x86_64-debian-gcc 1.3.0 18.95 117.60 136.55 ERROR
r-devel-linux-x86_64-fedora-clang 1.3.0 238.02 ERROR
r-devel-linux-x86_64-fedora-gcc 1.3.0 237.78 ERROR
r-devel-windows-x86_64 1.3.0 211.00 255.00 466.00 ERROR
r-patched-linux-x86_64 1.3.0 23.65 139.21 162.86 ERROR
r-release-linux-x86_64 1.3.0 22.71 131.58 154.29 ERROR
r-release-macos-arm64 1.3.0 84.00 OK
r-release-macos-x86_64 1.3.0 110.00 OK
r-release-windows-x86_64 1.3.0 186.00 223.00 409.00 ERROR
r-oldrel-macos-arm64 1.3.0 91.00 OK
r-oldrel-macos-x86_64 1.3.0 113.00 OK
r-oldrel-windows-ix86+x86_64 1.3.0 41.00 184.00 225.00 WARN

Check Details

Version: 1.3.0
Check: re-building of vignette outputs
Result: ERROR
    Error(s) in re-building vignettes:
     ...
    --- re-building ‘baseballr.Rmd’ using rmarkdown
    --- finished re-building ‘baseballr.Rmd’
    
    --- re-building ‘ncaa_scraping.Rmd’ using rmarkdown
    --- finished re-building ‘ncaa_scraping.Rmd’
    
    --- re-building ‘plotting_statcast.Rmd’ using rmarkdown
    --- finished re-building ‘plotting_statcast.Rmd’
    
    --- re-building ‘using_statcast_pitch_data.Rmd’ using rmarkdown
    Quitting from lines 38-40 (using_statcast_pitch_data.Rmd)
    Error: processing vignette ‘using_statcast_pitch_data.Rmd’ failed with diagnostics:
    HTTP error 404.
    --- failed re-building ‘using_statcast_pitch_data.Rmd’
    
    SUMMARY: processing the following file failed:
     ‘using_statcast_pitch_data.Rmd’
    
    Error: Vignette re-building failed.
    Execution halted
Flavors: r-devel-linux-x86_64-debian-clang, r-devel-linux-x86_64-debian-gcc, r-patched-linux-x86_64, r-release-linux-x86_64

Version: 1.3.0
Check: re-building of vignette outputs
Result: ERROR
    Error(s) in re-building vignettes:
    --- re-building ‘baseballr.Rmd’ using rmarkdown
    --- finished re-building ‘baseballr.Rmd’
    
    --- re-building ‘ncaa_scraping.Rmd’ using rmarkdown
    --- finished re-building ‘ncaa_scraping.Rmd’
    
    --- re-building ‘plotting_statcast.Rmd’ using rmarkdown
    --- finished re-building ‘plotting_statcast.Rmd’
    
    --- re-building ‘using_statcast_pitch_data.Rmd’ using rmarkdown
    Quitting from lines 38-40 (using_statcast_pitch_data.Rmd)
    Error: processing vignette 'using_statcast_pitch_data.Rmd' failed with diagnostics:
    HTTP error 404.
    --- failed re-building ‘using_statcast_pitch_data.Rmd’
    
    SUMMARY: processing the following file failed:
     ‘using_statcast_pitch_data.Rmd’
    
    Error: Vignette re-building failed.
    Execution halted
Flavors: r-devel-linux-x86_64-fedora-clang, r-devel-linux-x86_64-fedora-gcc, r-devel-windows-x86_64, r-release-windows-x86_64

Version: 1.3.0
Check: re-building of vignette outputs
Result: WARN
    Error(s) in re-building vignettes:
    --- re-building 'baseballr.Rmd' using rmarkdown
    --- finished re-building 'baseballr.Rmd'
    
    --- re-building 'ncaa_scraping.Rmd' using rmarkdown
    --- finished re-building 'ncaa_scraping.Rmd'
    
    --- re-building 'plotting_statcast.Rmd' using rmarkdown
    --- finished re-building 'plotting_statcast.Rmd'
    
    --- re-building 'using_statcast_pitch_data.Rmd' using rmarkdown
    Quitting from lines 38-40 (using_statcast_pitch_data.Rmd)
    Error: processing vignette 'using_statcast_pitch_data.Rmd' failed with diagnostics:
    HTTP error 404.
    --- failed re-building 'using_statcast_pitch_data.Rmd'
    
    SUMMARY: processing the following file failed:
     'using_statcast_pitch_data.Rmd'
    
    Error: Vignette re-building failed.
    Execution halted
Flavor: r-oldrel-windows-ix86+x86_64