CRAN Package Check Results for Package batata

Last updated on 2022-05-17 16:54:22 CEST.

Flavor Version Tinstall Tcheck Ttotal Status Flags
r-devel-linux-x86_64-debian-clang 0.2.1 2.11 38.26 40.37 NOTE
r-devel-linux-x86_64-debian-gcc 0.2.1 2.00 28.83 30.83 NOTE
r-devel-linux-x86_64-fedora-clang 0.2.1 48.25 NOTE
r-devel-linux-x86_64-fedora-gcc 0.2.1 49.30 NOTE
r-devel-windows-x86_64 0.2.1 23.00 59.00 82.00 NOTE
r-patched-linux-x86_64 0.2.1 2.78 36.73 39.51 NOTE
r-release-linux-x86_64 0.2.1 2.60 36.37 38.97 NOTE
r-release-macos-arm64 0.2.1 18.00 NOTE
r-release-macos-x86_64 0.2.1 30.00 NOTE
r-release-windows-x86_64 0.2.1 16.00 62.00 78.00 NOTE
r-oldrel-macos-arm64 0.2.1 23.00 NOTE
r-oldrel-macos-x86_64 0.2.1 35.00 NOTE
r-oldrel-windows-ix86+x86_64 0.2.1 7.00 49.00 56.00 NOTE

Check Details

Version: 0.2.1
Check: LazyData
Result: NOTE
     'LazyData' is specified without a 'data' directory
Flavors: r-devel-linux-x86_64-debian-clang, r-devel-linux-x86_64-debian-gcc, r-devel-linux-x86_64-fedora-clang, r-devel-linux-x86_64-fedora-gcc, r-devel-windows-x86_64, r-patched-linux-x86_64, r-release-linux-x86_64, r-release-macos-arm64, r-release-macos-x86_64, r-release-windows-x86_64, r-oldrel-macos-arm64, r-oldrel-macos-x86_64, r-oldrel-windows-ix86+x86_64