CRAN Package Check Results for Package batchmix

Last updated on 2023-02-08 17:52:22 CET.

Flavor Version Tinstall Tcheck Ttotal Status Flags
r-devel-linux-x86_64-debian-clang 1.0.1 283.46 97.01 380.47 NOTE
r-devel-linux-x86_64-debian-gcc 1.0.1 230.47 67.94 298.41 NOTE
r-devel-linux-x86_64-fedora-clang 1.0.1 572.08 NOTE
r-devel-linux-x86_64-fedora-gcc 1.0.1 683.16 NOTE
r-devel-windows-x86_64 1.0.1 283.00 167.00 450.00 NOTE
r-patched-linux-x86_64 1.0.1 216.50 85.71 302.21 OK
r-release-linux-x86_64 1.0.1 208.36 212.94 421.30 OK
r-release-macos-arm64 1.0.1 154.00 NOTE
r-release-macos-x86_64 1.0.1 198.00 NOTE
r-release-windows-x86_64 1.0.1 231.00 308.00 539.00 OK
r-oldrel-macos-arm64 1.0.1 140.00 NOTE
r-oldrel-macos-x86_64 1.0.1 200.00 NOTE
r-oldrel-windows-ix86+x86_64 1.0.1 676.00 201.00 877.00 OK

Check Details

Version: 1.0.1
Check: C++ specification
Result: NOTE
     Specified C++14: please update to current default of C++17
Flavors: r-devel-linux-x86_64-debian-clang, r-devel-windows-x86_64

Version: 1.0.1
Check: C++ specification
Result: NOTE
     Specified C++14: please drop specification unless essential
Flavors: r-devel-linux-x86_64-debian-gcc, r-devel-linux-x86_64-fedora-clang, r-devel-linux-x86_64-fedora-gcc

Version: 1.0.1
Check: installed package size
Result: NOTE
     installed size is 13.1Mb
     sub-directories of 1Mb or more:
     libs 12.6Mb
Flavors: r-release-macos-arm64, r-release-macos-x86_64, r-oldrel-macos-arm64, r-oldrel-macos-x86_64