Last updated on 2023-11-30 14:48:20 CET.
Flavor | Version | Tinstall | Tcheck | Ttotal | Status | Flags |
---|---|---|---|---|---|---|
r-devel-linux-x86_64-debian-clang | 2.0.0 | 323.60 | 102.35 | 425.95 | OK | |
r-devel-linux-x86_64-debian-gcc | 2.0.0 | 220.96 | 70.56 | 291.52 | OK | |
r-devel-linux-x86_64-fedora-clang | 2.0.0 | 635.04 | OK | |||
r-devel-linux-x86_64-fedora-gcc | 2.0.0 | 817.18 | OK | |||
r-devel-windows-x86_64 | 2.0.0 | 228.00 | 127.00 | 355.00 | OK | |
r-patched-linux-x86_64 | 2.0.0 | 198.13 | 91.29 | 289.42 | OK | |
r-release-linux-x86_64 | 2.0.0 | 248.50 | 90.44 | 338.94 | OK | |
r-release-macos-arm64 | 2.0.0 | 159.00 | NOTE | |||
r-release-macos-x86_64 | 2.0.0 | 245.00 | NOTE | |||
r-release-windows-x86_64 | 2.0.0 | 311.00 | 150.00 | 461.00 | OK | |
r-oldrel-macos-arm64 | 2.0.0 | 171.00 | NOTE | |||
r-oldrel-macos-x86_64 | 2.0.0 | 198.00 | NOTE | |||
r-oldrel-windows-x86_64 | 2.0.0 | 288.00 | 137.00 | 425.00 | OK |
Version: 2.0.0
Check: installed package size
Result: NOTE
installed size is 13.8Mb
sub-directories of 1Mb or more:
libs 13.3Mb
Flavors: r-release-macos-arm64, r-release-macos-x86_64, r-oldrel-macos-arm64, r-oldrel-macos-x86_64