Last updated on 2022-05-23 08:51:12 CEST.
Flavor | Version | Tinstall | Tcheck | Ttotal | Status | Flags |
---|---|---|---|---|---|---|
r-devel-linux-x86_64-debian-clang | 2.1.10 | 2.29 | 42.90 | 45.19 | OK | |
r-devel-linux-x86_64-debian-gcc | 2.1.10 | 2.68 | 33.11 | 35.79 | OK | |
r-devel-linux-x86_64-fedora-clang | 2.1.10 | 56.39 | NOTE | |||
r-devel-linux-x86_64-fedora-gcc | 2.1.10 | 54.15 | OK | |||
r-devel-windows-x86_64 | 2.1.10 | 18.00 | 60.00 | 78.00 | OK | |
r-patched-linux-x86_64 | 2.1.10 | 3.55 | 41.86 | 45.41 | OK | |
r-release-linux-x86_64 | 2.1.10 | OK | ||||
r-release-macos-arm64 | 2.1.10 | 21.00 | OK | |||
r-release-macos-x86_64 | 2.1.10 | 30.00 | OK | |||
r-release-windows-x86_64 | 2.1.10 | 21.00 | 61.00 | 82.00 | OK | |
r-oldrel-macos-arm64 | 2.1.10 | 25.00 | OK | |||
r-oldrel-macos-x86_64 | 2.1.10 | 37.00 | OK | |||
r-oldrel-windows-ix86+x86_64 | 2.1.10 | 10.00 | 69.00 | 79.00 | OK |
Version: 2.1.10
Check: Rd cross-references
Result: NOTE
Undeclared package ‘fGarch’ in Rd xrefs
Flavor: r-devel-linux-x86_64-fedora-clang