CRAN Package Check Results for Package bayesplot

Last updated on 2022-01-18 04:49:32 CET.

Flavor Version Tinstall Tcheck Ttotal Status Flags
r-devel-linux-x86_64-debian-clang 1.8.1 13.45 342.63 356.08 OK
r-devel-linux-x86_64-debian-gcc 1.8.1 10.78 251.26 262.04 OK
r-devel-linux-x86_64-fedora-clang 1.8.1 423.54 NOTE
r-devel-linux-x86_64-fedora-gcc 1.8.1 406.87 OK
r-devel-windows-x86_64-new-UL 1.8.1 212.00 353.00 565.00 NOTE
r-devel-windows-x86_64-new-TK 1.8.1 NOTE
r-patched-linux-x86_64 1.8.1 19.59 319.31 338.90 OK
r-release-linux-x86_64 1.8.1 OK
r-release-macos-arm64 1.8.1 NOTE
r-release-macos-x86_64 1.8.1 NOTE
r-release-windows-ix86+x86_64 1.8.1 26.00 391.00 417.00 NOTE
r-oldrel-macos-x86_64 1.8.1 NOTE
r-oldrel-windows-ix86+x86_64 1.8.1 26.00 386.00 412.00 NOTE

Check Details

Version: 1.8.1
Check: installed package size
Result: NOTE
     installed size is 5.4Mb
     sub-directories of 1Mb or more:
     R 1.8Mb
     doc 2.9Mb
Flavors: r-devel-linux-x86_64-fedora-clang, r-devel-windows-x86_64-new-UL, r-release-macos-arm64, r-release-macos-x86_64, r-release-windows-ix86+x86_64, r-oldrel-macos-x86_64, r-oldrel-windows-ix86+x86_64

Version: 1.8.1
Check: package dependencies
Result: NOTE
    Package suggested but not available for checking: 'rstanarm'
Flavor: r-devel-windows-x86_64-new-TK