CRAN Package Check Results for Package bayestestR

Last updated on 2022-01-18 04:49:32 CET.

Flavor Version Tinstall Tcheck Ttotal Status Flags
r-devel-linux-x86_64-debian-clang 0.11.5 11.16 344.85 356.01 OK
r-devel-linux-x86_64-debian-gcc 0.11.5 8.95 252.12 261.07 OK
r-devel-linux-x86_64-fedora-clang 0.11.5 422.18 NOTE
r-devel-linux-x86_64-fedora-gcc 0.11.5 412.26 OK
r-devel-windows-x86_64-new-UL 0.11.5 490.00 470.00 960.00 NOTE
r-devel-windows-x86_64-new-TK 0.11.5 NOTE
r-patched-linux-x86_64 0.11.5 14.32 379.83 394.15 OK
r-release-linux-x86_64 0.11.5 OK
r-release-macos-arm64 0.11.5 NOTE
r-release-macos-x86_64 0.11.5 NOTE
r-release-windows-ix86+x86_64 0.11.5 21.00 573.00 594.00 NOTE
r-oldrel-macos-x86_64 0.11.5 NOTE
r-oldrel-windows-ix86+x86_64 0.11.5 21.00 559.00 580.00 NOTE

Check Details

Version: 0.11.5
Check: installed package size
Result: NOTE
     installed size is 5.5Mb
     sub-directories of 1Mb or more:
     doc 3.8Mb
Flavors: r-devel-linux-x86_64-fedora-clang, r-devel-windows-x86_64-new-UL, r-release-macos-arm64, r-release-macos-x86_64, r-release-windows-ix86+x86_64, r-oldrel-macos-x86_64, r-oldrel-windows-ix86+x86_64

Version: 0.11.5
Check: package dependencies
Result: NOTE
    Packages suggested but not available for checking:
     'lme4', 'mediation', 'rstanarm'
Flavor: r-devel-windows-x86_64-new-TK