Last updated on 2022-05-27 19:53:50 CEST.
Flavor | Version | Tinstall | Tcheck | Ttotal | Status | Flags |
---|---|---|---|---|---|---|
r-devel-linux-x86_64-debian-clang | 0.8.5 | 14.17 | 110.47 | 124.64 | OK | |
r-devel-linux-x86_64-debian-gcc | 0.8.5 | 10.30 | 82.00 | 92.30 | OK | |
r-devel-linux-x86_64-fedora-clang | 0.8.5 | 151.92 | NOTE | |||
r-devel-linux-x86_64-fedora-gcc | 0.8.5 | 146.19 | NOTE | |||
r-devel-windows-x86_64 | 0.8.5 | 40.00 | 125.00 | 165.00 | OK | |
r-patched-linux-x86_64 | 0.8.5 | 21.57 | 102.49 | 124.06 | OK | |
r-release-linux-x86_64 | 0.8.5 | 15.75 | 102.52 | 118.27 | OK | |
r-release-macos-arm64 | 0.8.5 | 40.00 | NOTE | |||
r-release-macos-x86_64 | 0.8.5 | 73.00 | NOTE | |||
r-release-windows-x86_64 | 0.8.5 | 39.00 | 121.00 | 160.00 | OK | |
r-oldrel-macos-arm64 | 0.8.5 | 53.00 | NOTE | |||
r-oldrel-macos-x86_64 | 0.8.5 | 79.00 | NOTE | |||
r-oldrel-windows-ix86+x86_64 | 0.8.5 | 37.00 | 119.00 | 156.00 | OK |
Version: 0.8.5
Check: dependencies in R code
Result: NOTE
Namespace in Imports field not imported from: ‘dplyr’
All declared Imports should be used.
Flavors: r-devel-linux-x86_64-fedora-clang, r-devel-linux-x86_64-fedora-gcc, r-release-macos-arm64, r-release-macos-x86_64, r-oldrel-macos-arm64, r-oldrel-macos-x86_64