Last updated on 2022-05-20 14:52:23 CEST.
Flavor | Version | Tinstall | Tcheck | Ttotal | Status | Flags |
---|---|---|---|---|---|---|
r-devel-linux-x86_64-debian-clang | 0.1.7 | 12.43 | 120.77 | 133.20 | OK | |
r-devel-linux-x86_64-debian-gcc | 0.1.7 | 11.28 | 89.62 | 100.90 | OK | |
r-devel-linux-x86_64-fedora-clang | 0.1.7 | 157.17 | NOTE | |||
r-devel-linux-x86_64-fedora-gcc | 0.1.7 | 163.06 | NOTE | |||
r-devel-windows-x86_64 | 0.1.7 | 65.00 | 135.00 | 200.00 | OK | |
r-patched-linux-x86_64 | 0.1.7 | 14.85 | 114.73 | 129.58 | OK | |
r-release-linux-x86_64 | 0.1.7 | 13.37 | 113.84 | 127.21 | OK | |
r-release-macos-arm64 | 0.1.7 | 44.00 | NOTE | |||
r-release-macos-x86_64 | 0.1.7 | 77.00 | NOTE | |||
r-release-windows-x86_64 | 0.1.7 | 65.00 | 142.00 | 207.00 | OK | |
r-oldrel-macos-arm64 | 0.1.7 | 53.00 | NOTE | |||
r-oldrel-macos-x86_64 | 0.1.7 | 59.00 | NOTE | |||
r-oldrel-windows-ix86+x86_64 | 0.1.7 | 38.00 | 148.00 | 186.00 | OK |
Version: 0.1.7
Check: data for non-ASCII characters
Result: NOTE
Note: found 72 marked UTF-8 strings
Flavors: r-devel-linux-x86_64-fedora-clang, r-devel-linux-x86_64-fedora-gcc, r-release-macos-arm64, r-release-macos-x86_64, r-oldrel-macos-arm64, r-oldrel-macos-x86_64