Last updated on 2022-05-28 08:52:00 CEST.
Flavor | Version | Tinstall | Tcheck | Ttotal | Status | Flags |
---|---|---|---|---|---|---|
r-devel-linux-x86_64-debian-clang | 0.4.1 | 27.46 | 472.90 | 500.36 | OK | |
r-devel-linux-x86_64-debian-gcc | 0.4.1 | 25.20 | 356.33 | 381.53 | OK | |
r-devel-linux-x86_64-fedora-clang | 0.4.1 | 625.66 | NOTE | |||
r-devel-linux-x86_64-fedora-gcc | 0.4.1 | 590.10 | NOTE | |||
r-devel-windows-x86_64 | 0.4.1 | 103.00 | 482.00 | 585.00 | OK | |
r-patched-linux-x86_64 | 0.4.1 | 22.31 | 461.57 | 483.88 | OK | |
r-release-linux-x86_64 | 0.4.1 | 29.29 | 460.90 | 490.19 | OK | |
r-release-macos-arm64 | 0.4.1 | 152.00 | NOTE | |||
r-release-macos-x86_64 | 0.4.1 | 262.00 | OK | |||
r-release-windows-x86_64 | 0.4.1 | 126.00 | 487.00 | 613.00 | OK | |
r-oldrel-macos-arm64 | 0.4.1 | 149.00 | OK | |||
r-oldrel-macos-x86_64 | 0.4.1 | 198.00 | OK | |||
r-oldrel-windows-ix86+x86_64 | 0.4.1 | 65.00 | 496.00 | 561.00 | OK |
Version: 0.4.1
Check: package dependencies
Result: NOTE
Package suggested but not available for checking: ‘flowCore’
Flavors: r-devel-linux-x86_64-fedora-clang, r-devel-linux-x86_64-fedora-gcc, r-release-macos-arm64