Last updated on 2022-05-19 09:53:07 CEST.
Flavor | Version | Tinstall | Tcheck | Ttotal | Status | Flags |
---|---|---|---|---|---|---|
r-devel-linux-x86_64-debian-clang | 1.1 | 4.01 | 45.98 | 49.99 | NOTE | |
r-devel-linux-x86_64-debian-gcc | 1.1 | 2.83 | 33.79 | 36.62 | NOTE | |
r-devel-linux-x86_64-fedora-clang | 1.1 | 57.20 | NOTE | |||
r-devel-linux-x86_64-fedora-gcc | 1.1 | 55.76 | NOTE | |||
r-devel-windows-x86_64 | 1.1 | 20.00 | 59.00 | 79.00 | OK | |
r-patched-linux-x86_64 | 1.1 | 3.82 | 43.07 | 46.89 | NOTE | |
r-release-linux-x86_64 | 1.1 | 3.31 | 42.92 | 46.23 | NOTE | |
r-release-macos-arm64 | 1.1 | 22.00 | OK | |||
r-release-macos-x86_64 | 1.1 | 26.00 | OK | |||
r-release-windows-x86_64 | 1.1 | 9.00 | 58.00 | 67.00 | OK | |
r-oldrel-macos-arm64 | 1.1 | 25.00 | OK | |||
r-oldrel-macos-x86_64 | 1.1 | 37.00 | OK | |||
r-oldrel-windows-ix86+x86_64 | 1.1 | 7.00 | 53.00 | 60.00 | OK |
Version: 1.1
Check: for non-standard things in the check directory
Result: NOTE
Found the following files/directories:
'beast_plot_toy.pdf'
Flavors: r-devel-linux-x86_64-debian-clang, r-devel-linux-x86_64-debian-gcc, r-devel-linux-x86_64-fedora-clang, r-devel-linux-x86_64-fedora-gcc, r-patched-linux-x86_64, r-release-linux-x86_64