CRAN Package Check Results for Package beautier

Last updated on 2022-05-28 01:51:31 CEST.

Flavor Version Tinstall Tcheck Ttotal Status Flags
r-devel-linux-x86_64-debian-clang 2.6.2 14.85 172.09 186.94 OK
r-devel-linux-x86_64-debian-gcc 2.6.2 11.38 130.05 141.43 OK
r-devel-linux-x86_64-fedora-clang 2.6.2 239.63 OK
r-devel-linux-x86_64-fedora-gcc 2.6.2 220.51 OK
r-devel-windows-x86_64 2.6.2 376.00 255.00 631.00 OK
r-patched-linux-x86_64 2.6.2 17.74 162.45 180.19 OK
r-release-linux-x86_64 2.6.2 13.66 167.10 180.76 OK
r-release-macos-arm64 2.6.2 61.00 OK
r-release-macos-x86_64 2.6.2 91.00 OK
r-release-windows-x86_64 2.6.2 401.00 258.00 659.00 OK
r-oldrel-macos-arm64 2.6.2 73.00 OK
r-oldrel-macos-x86_64 2.6.2 97.00 OK
r-oldrel-windows-ix86+x86_64 2.6.2 27.00 153.00 180.00 ERROR

Additional issues

donttest

Check Details

Version: 2.6.2
Check: examples
Result: ERROR
    Running examples in 'beautier-Ex.R' failed
    The error most likely occurred in:
    
    > ### Name: check_empty_beautier_folder
    > ### Title: Check there are no files in the default beautier folder
    > ### Aliases: check_empty_beautier_folder
    >
    > ### ** Examples
    >
    > check_empty_beautier_folder()
    Error in check_empty_beautier_folder() : Files found in beautier folder.
    beautier_folder: C:\Users\CRAN\AppData\Local/beautier/beautier/Cache
    length(list.files(beautier_folder))): 3
    head(list.files(beautier_folder)): C:\Users\CRAN\AppData\Local/beautier/beautier/Cache/file13670ff35c02,C:\Users\CRAN\AppData\Local/beautier/beautier/Cache/file178c45757dd,C:\Users\CRAN\AppData\Local/beautier/beautier/Cache/fileb9f87bd32678
    Execution halted
Flavor: r-oldrel-windows-ix86+x86_64