CRAN Package Check Results for Package behavr

Last updated on 2022-06-28 12:52:18 CEST.

Flavor Version Tinstall Tcheck Ttotal Status Flags
r-devel-linux-x86_64-debian-clang 0.3.2 3.51 59.59 63.10 NOTE
r-devel-linux-x86_64-debian-gcc 0.3.2 2.53 37.18 39.71 NOTE
r-devel-linux-x86_64-fedora-clang 0.3.2 77.04 NOTE
r-devel-linux-x86_64-fedora-gcc 0.3.2 68.81 NOTE
r-devel-windows-x86_64 0.3.2 22.00 69.00 91.00 NOTE
r-patched-linux-x86_64 0.3.2 3.63 46.27 49.90 NOTE
r-release-linux-x86_64 0.3.2 3.10 46.93 50.03 NOTE
r-release-macos-arm64 0.3.2 22.00 NOTE
r-release-macos-x86_64 0.3.2 35.00 NOTE
r-release-windows-x86_64 0.3.2 17.00 78.00 95.00 NOTE
r-oldrel-macos-arm64 0.3.2 30.00 NOTE
r-oldrel-macos-x86_64 0.3.2 50.00 NOTE
r-oldrel-windows-ix86+x86_64 0.3.2 8.00 68.00 76.00 NOTE

Check Details

Version: 0.3.2
Check: LazyData
Result: NOTE
     'LazyData' is specified without a 'data' directory
Flavors: r-devel-linux-x86_64-debian-clang, r-devel-linux-x86_64-debian-gcc, r-devel-linux-x86_64-fedora-clang, r-devel-linux-x86_64-fedora-gcc, r-devel-windows-x86_64, r-patched-linux-x86_64, r-release-linux-x86_64, r-release-macos-arm64, r-release-macos-x86_64, r-release-windows-x86_64, r-oldrel-macos-arm64, r-oldrel-macos-x86_64, r-oldrel-windows-ix86+x86_64