Last updated on 2022-05-19 18:50:35 CEST.
Flavor | Version | Tinstall | Tcheck | Ttotal | Status | Flags |
---|---|---|---|---|---|---|
r-devel-linux-x86_64-debian-clang | 0.1.2 | 4.19 | 44.85 | 49.04 | NOTE | |
r-devel-linux-x86_64-debian-gcc | 0.1.2 | 2.98 | 33.98 | 36.96 | NOTE | |
r-devel-linux-x86_64-fedora-clang | 0.1.2 | 59.08 | NOTE | |||
r-devel-linux-x86_64-fedora-gcc | 0.1.2 | 57.22 | NOTE | |||
r-devel-windows-x86_64 | 0.1.2 | 11.00 | 58.00 | 69.00 | NOTE | |
r-patched-linux-x86_64 | 0.1.2 | 3.13 | 42.71 | 45.84 | NOTE | |
r-release-linux-x86_64 | 0.1.2 | 3.83 | 42.78 | 46.61 | NOTE | |
r-release-macos-arm64 | 0.1.2 | 18.00 | NOTE | |||
r-release-macos-x86_64 | 0.1.2 | 39.00 | NOTE | |||
r-release-windows-x86_64 | 0.1.2 | 10.00 | 61.00 | 71.00 | NOTE | |
r-oldrel-macos-arm64 | 0.1.2 | 23.00 | NOTE | |||
r-oldrel-macos-x86_64 | 0.1.2 | 33.00 | NOTE | |||
r-oldrel-windows-ix86+x86_64 | 0.1.2 | 12.00 | 56.00 | 68.00 | NOTE |
Version: 0.1.2
Check: LazyData
Result: NOTE
'LazyData' is specified without a 'data' directory
Flavors: r-devel-linux-x86_64-debian-clang, r-devel-linux-x86_64-debian-gcc, r-devel-linux-x86_64-fedora-clang, r-devel-linux-x86_64-fedora-gcc, r-devel-windows-x86_64, r-patched-linux-x86_64, r-release-linux-x86_64, r-release-macos-arm64, r-release-macos-x86_64, r-release-windows-x86_64, r-oldrel-macos-arm64, r-oldrel-macos-x86_64, r-oldrel-windows-ix86+x86_64
Version: 0.1.2
Check: dependencies in R code
Result: NOTE
Namespaces in Imports field not imported from:
‘DT’ ‘dplyr’ ‘ggplot2’ ‘readxl’ ‘rlist’ ‘shinyBS’ ‘shinyWidgets’
‘shinydashboard’ ‘shinyjs’ ‘shinythemes’ ‘stringr’ ‘tidyr’
All declared Imports should be used.
Flavors: r-devel-linux-x86_64-fedora-clang, r-devel-linux-x86_64-fedora-gcc, r-release-macos-arm64, r-release-macos-x86_64, r-oldrel-macos-arm64, r-oldrel-macos-x86_64