CRAN Package Check Results for Package bestridge

Last updated on 2022-01-20 23:52:08 CET.

Flavor Version Tinstall Tcheck Ttotal Status Flags
r-devel-linux-x86_64-debian-clang 1.0.7 OK
r-devel-linux-x86_64-debian-gcc 1.0.7 341.02 95.65 436.67 OK
r-devel-linux-x86_64-fedora-clang 1.0.7 640.62 NOTE
r-devel-linux-x86_64-fedora-gcc 1.0.7 741.95 OK
r-devel-windows-x86_64-new-UL 1.0.7 273.00 168.00 441.00 OK
r-devel-windows-x86_64-new-TK 1.0.7 OK
r-patched-linux-x86_64 1.0.7 393.16 119.02 512.18 OK
r-release-linux-x86_64 1.0.7 398.82 115.32 514.14 OK
r-release-macos-arm64 1.0.7 NOTE
r-release-macos-x86_64 1.0.7 NOTE
r-release-windows-ix86+x86_64 1.0.7 921.00 192.00 1113.00 NOTE
r-oldrel-macos-x86_64 1.0.7 NOTE
r-oldrel-windows-ix86+x86_64 1.0.7 928.00 189.00 1117.00 NOTE

Check Details

Version: 1.0.7
Check: installed package size
Result: NOTE
     installed size is 62.0Mb
     sub-directories of 1Mb or more:
     data 2.7Mb
     libs 58.7Mb
Flavors: r-devel-linux-x86_64-fedora-clang, r-release-macos-arm64, r-release-macos-x86_64, r-release-windows-ix86+x86_64, r-oldrel-macos-x86_64, r-oldrel-windows-ix86+x86_64