CRAN Package Check Results for Package bife

Last updated on 2024-05-27 00:56:37 CEST.

Flavor Version Tinstall Tcheck Ttotal Status Flags
r-devel-linux-x86_64-debian-clang 0.7.2 48.13 44.82 92.95 NOTE
r-devel-linux-x86_64-debian-gcc 0.7.2 32.42 33.25 65.67 NOTE
r-devel-linux-x86_64-fedora-clang 0.7.2 139.87 NOTE
r-devel-linux-x86_64-fedora-gcc 0.7.2 138.36 NOTE
r-devel-windows-x86_64 0.7.2 36.00 73.00 109.00 NOTE
r-patched-linux-x86_64 0.7.2 41.42 42.66 84.08 NOTE
r-release-linux-x86_64 0.7.2 38.24 42.05 80.29 NOTE
r-release-macos-arm64 0.7.2 35.00 NOTE
r-release-windows-x86_64 0.7.2 38.00 73.00 111.00 NOTE
r-oldrel-macos-arm64 0.7.2 42.00 NOTE
r-oldrel-macos-x86_64 0.7.2 64.00 NOTE
r-oldrel-windows-x86_64 0.7.2 47.00 84.00 131.00 NOTE

Check Details

Version: 0.7.2
Check: C++ specification
Result: NOTE Specified C++11: please drop specification unless essential Flavors: r-devel-linux-x86_64-debian-clang, r-devel-linux-x86_64-debian-gcc, r-devel-linux-x86_64-fedora-clang, r-devel-linux-x86_64-fedora-gcc, r-devel-windows-x86_64, r-patched-linux-x86_64, r-release-linux-x86_64, r-release-macos-arm64, r-release-windows-x86_64, r-oldrel-macos-arm64, r-oldrel-macos-x86_64, r-oldrel-windows-x86_64