Last updated on 2022-05-25 10:53:11 CEST.
Flavor | Version | Tinstall | Tcheck | Ttotal | Status | Flags |
---|---|---|---|---|---|---|
r-devel-linux-x86_64-debian-clang | 2.3.1 | 69.81 | 118.10 | 187.91 | NOTE | |
r-devel-linux-x86_64-debian-gcc | 2.3.1 | 56.20 | 83.95 | 140.15 | NOTE | |
r-devel-linux-x86_64-fedora-clang | 2.3.1 | 245.68 | NOTE | |||
r-devel-linux-x86_64-fedora-gcc | 2.3.1 | 230.70 | NOTE | |||
r-devel-windows-x86_64 | 2.3.1 | 75.00 | 156.00 | 231.00 | NOTE | |
r-patched-linux-x86_64 | 2.3.1 | 57.57 | 113.23 | 170.80 | NOTE | |
r-release-linux-x86_64 | 2.3.1 | NOTE | ||||
r-release-macos-arm64 | 2.3.1 | 58.00 | NOTE | |||
r-release-macos-x86_64 | 2.3.1 | 77.00 | NOTE | |||
r-release-windows-x86_64 | 2.3.1 | 68.00 | 157.00 | 225.00 | NOTE | |
r-oldrel-macos-arm64 | 2.3.1 | 63.00 | NOTE | |||
r-oldrel-macos-x86_64 | 2.3.1 | 106.00 | NOTE | |||
r-oldrel-windows-ix86+x86_64 | 2.3.1 | 182.00 | 185.00 | 367.00 | NOTE |
Version: 2.3.1
Check: for GNU extensions in Makefiles
Result: NOTE
GNU make is a SystemRequirements.
Flavors: r-devel-linux-x86_64-debian-clang, r-devel-linux-x86_64-debian-gcc, r-devel-linux-x86_64-fedora-clang, r-devel-linux-x86_64-fedora-gcc, r-devel-windows-x86_64, r-patched-linux-x86_64, r-release-linux-x86_64, r-release-macos-arm64, r-release-macos-x86_64, r-release-windows-x86_64, r-oldrel-macos-arm64, r-oldrel-macos-x86_64, r-oldrel-windows-ix86+x86_64
Version: 2.3.1
Check: installed package size
Result: NOTE
installed size is 5.5Mb
sub-directories of 1Mb or more:
doc 1.8Mb
extdata 1.9Mb
libs 1.6Mb
Flavors: r-devel-linux-x86_64-fedora-clang, r-release-macos-arm64, r-release-macos-x86_64, r-oldrel-macos-arm64, r-oldrel-macos-x86_64, r-oldrel-windows-ix86+x86_64