Last updated on 2022-05-20 10:54:34 CEST.
Flavor | Version | Tinstall | Tcheck | Ttotal | Status | Flags |
---|---|---|---|---|---|---|
r-devel-linux-x86_64-debian-clang | 0.3.0 | 93.48 | 63.85 | 157.33 | OK | |
r-devel-linux-x86_64-debian-gcc | 0.3.0 | 83.05 | 49.71 | 132.76 | OK | |
r-devel-linux-x86_64-fedora-clang | 0.3.0 | 219.47 | NOTE | |||
r-devel-windows-x86_64 | 0.3.0 | 89.00 | 110.00 | 199.00 | OK | |
r-patched-linux-x86_64 | 0.3.0 | 75.98 | 61.85 | 137.83 | OK | |
r-release-linux-x86_64 | 0.3.0 | 80.72 | 61.17 | 141.89 | OK | |
r-release-macos-arm64 | 0.3.0 | 55.00 | NOTE | |||
r-release-macos-x86_64 | 0.3.0 | 75.00 | NOTE | |||
r-release-windows-x86_64 | 0.3.0 | 85.00 | 114.00 | 199.00 | OK | |
r-oldrel-macos-arm64 | 0.3.0 | 58.00 | NOTE | |||
r-oldrel-macos-x86_64 | 0.3.0 | 92.00 | NOTE | |||
r-oldrel-windows-ix86+x86_64 | 0.3.0 | 200.00 | 126.00 | 326.00 | OK |
Version: 0.3.0
Check: installed package size
Result: NOTE
installed size is 6.6Mb
sub-directories of 1Mb or more:
libs 6.3Mb
Flavors: r-devel-linux-x86_64-fedora-clang, r-release-macos-arm64, r-release-macos-x86_64, r-oldrel-macos-arm64, r-oldrel-macos-x86_64