CRAN Package Check Results for Package billboarder

Last updated on 2022-05-21 07:55:18 CEST.

Flavor Version Tinstall Tcheck Ttotal Status Flags
r-devel-linux-x86_64-debian-clang 0.3.1 9.62 111.45 121.07 OK
r-devel-linux-x86_64-debian-gcc 0.3.1 6.64 83.20 89.84 OK
r-devel-linux-x86_64-fedora-clang 0.3.1 140.02 NOTE
r-devel-linux-x86_64-fedora-gcc 0.3.1 138.14 OK
r-devel-windows-x86_64 0.3.1 151.00 171.00 322.00 OK
r-patched-linux-x86_64 0.3.1 10.18 104.74 114.92 OK
r-release-linux-x86_64 0.3.1 7.64 103.66 111.30 OK
r-release-macos-arm64 0.3.1 45.00 NOTE
r-release-macos-x86_64 0.3.1 82.00 NOTE
r-release-windows-x86_64 0.3.1 148.00 177.00 325.00 OK
r-oldrel-macos-arm64 0.3.1 1241.00 NOTE
r-oldrel-macos-x86_64 0.3.1 100.00 NOTE
r-oldrel-windows-ix86+x86_64 0.3.1 23.00 157.00 180.00 OK

Check Details

Version: 0.3.1
Check: installed package size
Result: NOTE
     installed size is 5.2Mb
     sub-directories of 1Mb or more:
     doc 3.5Mb
Flavors: r-devel-linux-x86_64-fedora-clang, r-release-macos-arm64, r-release-macos-x86_64, r-oldrel-macos-arm64, r-oldrel-macos-x86_64