Last updated on 2022-05-20 18:49:10 CEST.
Flavor | Version | Tinstall | Tcheck | Ttotal | Status | Flags |
---|---|---|---|---|---|---|
r-devel-linux-x86_64-debian-clang | 0.2.8 | 116.66 | 68.75 | 185.41 | OK | |
r-devel-linux-x86_64-debian-gcc | 0.2.8 | 87.77 | 52.27 | 140.04 | OK | |
r-devel-linux-x86_64-fedora-clang | 0.2.8 | 261.47 | OK | |||
r-devel-linux-x86_64-fedora-gcc | 0.2.8 | 233.82 | OK | |||
r-devel-windows-x86_64 | 0.2.8 | 118.00 | 115.00 | 233.00 | OK | |
r-patched-linux-x86_64 | 0.2.8 | 97.82 | 66.17 | 163.99 | OK | |
r-release-linux-x86_64 | 0.2.8 | 88.22 | 65.99 | 154.21 | OK | |
r-release-macos-arm64 | 0.2.8 | 67.00 | NOTE | |||
r-release-macos-x86_64 | 0.2.8 | 84.00 | NOTE | |||
r-release-windows-x86_64 | 0.2.8 | 127.00 | 120.00 | 247.00 | OK | |
r-oldrel-macos-arm64 | 0.2.8 | 58.00 | NOTE | |||
r-oldrel-macos-x86_64 | 0.2.8 | 83.00 | NOTE | |||
r-oldrel-windows-ix86+x86_64 | 0.2.8 | 265.00 | 125.00 | 390.00 | NOTE |
Version: 0.2.8
Check: installed package size
Result: NOTE
installed size is 6.0Mb
sub-directories of 1Mb or more:
libs 4.5Mb
Flavors: r-release-macos-arm64, r-release-macos-x86_64, r-oldrel-macos-arm64, r-oldrel-macos-x86_64, r-oldrel-windows-ix86+x86_64