Last updated on 2022-05-24 12:52:37 CEST.
Flavor | Version | Tinstall | Tcheck | Ttotal | Status | Flags |
---|---|---|---|---|---|---|
r-devel-linux-x86_64-debian-clang | 1.6.3 | 5.81 | 86.74 | 92.55 | OK | |
r-devel-linux-x86_64-debian-gcc | 1.6.3 | 4.05 | 62.44 | 66.49 | OK | |
r-devel-linux-x86_64-fedora-clang | 1.6.3 | 106.18 | NOTE | |||
r-devel-linux-x86_64-fedora-gcc | 1.6.3 | 110.12 | OK | |||
r-devel-windows-x86_64 | 1.6.3 | 57.00 | 113.00 | 170.00 | OK | |
r-patched-linux-x86_64 | 1.6.3 | 4.33 | 80.05 | 84.38 | OK | |
r-release-linux-x86_64 | 1.6.3 | OK | ||||
r-release-macos-arm64 | 1.6.3 | 33.00 | OK | |||
r-release-macos-x86_64 | 1.6.3 | 48.00 | OK | |||
r-release-windows-x86_64 | 1.6.3 | 50.00 | 115.00 | 165.00 | OK | |
r-oldrel-macos-arm64 | 1.6.3 | 40.00 | OK | |||
r-oldrel-macos-x86_64 | 1.6.3 | 55.00 | OK | |||
r-oldrel-windows-ix86+x86_64 | 1.6.3 | 11.00 | 102.00 | 113.00 | OK |
Version: 1.6.3
Check: Rd cross-references
Result: NOTE
Undeclared package ‘seqinr’ in Rd xrefs
Flavor: r-devel-linux-x86_64-fedora-clang