Last updated on 2022-05-26 05:57:44 CEST.
Flavor | Version | Tinstall | Tcheck | Ttotal | Status | Flags |
---|---|---|---|---|---|---|
r-devel-linux-x86_64-debian-clang | 4.2 | 5.34 | 71.60 | 76.94 | OK | |
r-devel-linux-x86_64-debian-gcc | 4.2 | 3.55 | 60.35 | 63.90 | OK | |
r-devel-linux-x86_64-fedora-clang | 4.2 | 89.46 | OK | |||
r-devel-linux-x86_64-fedora-gcc | 4.2 | 94.11 | OK | |||
r-devel-windows-x86_64 | 4.2 | 47.00 | 94.00 | 141.00 | OK | |
r-patched-linux-x86_64 | 4.2 | 5.72 | 68.22 | 73.94 | OK | |
r-release-linux-x86_64 | 4.2 | OK | ||||
r-release-macos-arm64 | 4.2 | 49.00 | OK | |||
r-release-macos-x86_64 | 4.2 | 48.00 | OK | |||
r-release-windows-x86_64 | 4.2 | 46.00 | 90.00 | 136.00 | OK | |
r-oldrel-macos-arm64 | 4.2 | 30.00 | NOTE | |||
r-oldrel-macos-x86_64 | 4.2 | 56.00 | NOTE | |||
r-oldrel-windows-ix86+x86_64 | 4.2 | 9.00 | 88.00 | 97.00 | OK |
Version: 4.2
Check: package dependencies
Result: NOTE
Package suggested but not available for checking: ‘rpanel’
Flavors: r-oldrel-macos-arm64, r-oldrel-macos-x86_64