Last updated on 2022-05-18 10:52:45 CEST.
Flavor | Version | Tinstall | Tcheck | Ttotal | Status | Flags |
---|---|---|---|---|---|---|
r-devel-linux-x86_64-debian-clang | 0.20.21 | 48.06 | 106.65 | 154.71 | OK | |
r-devel-linux-x86_64-debian-gcc | 0.20.21 | 36.37 | 78.87 | 115.24 | OK | |
r-devel-linux-x86_64-fedora-clang | 0.20.21 | 203.48 | NOTE | |||
r-devel-linux-x86_64-fedora-gcc | 0.20.21 | 184.55 | OK | |||
r-devel-windows-x86_64 | 0.20.21 | 64.00 | 141.00 | 205.00 | OK | |
r-patched-linux-x86_64 | 0.20.21 | 43.71 | 102.06 | 145.77 | OK | |
r-release-linux-x86_64 | 0.20.21 | 40.91 | 100.28 | 141.19 | OK | |
r-release-macos-arm64 | 0.20.21 | 51.00 | OK | |||
r-release-macos-x86_64 | 0.20.21 | 90.00 | OK | |||
r-release-windows-x86_64 | 0.20.21 | 72.00 | 150.00 | 222.00 | OK | |
r-oldrel-macos-arm64 | 0.20.21 | 56.00 | OK | |||
r-oldrel-macos-x86_64 | 0.20.21 | 94.00 | OK | |||
r-oldrel-windows-ix86+x86_64 | 0.20.21 | 118.00 | 171.00 | 289.00 | OK |
Version: 0.20.21
Check: Rd cross-references
Result: NOTE
Undeclared package ‘RColorBrewer’ in Rd xrefs
Flavor: r-devel-linux-x86_64-fedora-clang