Last updated on 2023-02-01 08:59:35 CET.
Flavor | Version | Tinstall | Tcheck | Ttotal | Status | Flags |
---|---|---|---|---|---|---|
r-devel-linux-x86_64-debian-clang | 0.1.1 | 136.34 | 46.70 | 183.04 | NOTE | |
r-devel-linux-x86_64-debian-gcc | 0.1.1 | 103.13 | 35.22 | 138.35 | NOTE | |
r-devel-linux-x86_64-fedora-clang | 0.1.1 | 269.18 | NOTE | |||
r-devel-linux-x86_64-fedora-gcc | 0.1.1 | 225.67 | NOTE | |||
r-devel-windows-x86_64 | 0.1.1 | 130.00 | 99.00 | 229.00 | NOTE | |
r-patched-linux-x86_64 | 0.1.1 | 114.96 | 45.38 | 160.34 | NOTE | |
r-release-linux-x86_64 | 0.1.1 | 112.05 | 45.46 | 157.51 | NOTE | |
r-release-macos-arm64 | 0.1.1 | 56.00 | NOTE | |||
r-release-macos-x86_64 | 0.1.1 | 70.00 | NOTE | |||
r-release-windows-x86_64 | 0.1.1 | 190.00 | 102.00 | 292.00 | NOTE | |
r-oldrel-macos-arm64 | 0.1.1 | 65.00 | NOTE | |||
r-oldrel-macos-x86_64 | 0.1.1 | 106.00 | NOTE | |||
r-oldrel-windows-ix86+x86_64 | 0.1.1 | 305.00 | 96.00 | 401.00 | NOTE |
Version: 0.1.1
Check: C++ specification
Result: NOTE
Specified C++11: please update to current default of C++17
Flavors: r-devel-linux-x86_64-debian-clang, r-devel-linux-x86_64-debian-gcc, r-devel-linux-x86_64-fedora-clang, r-devel-linux-x86_64-fedora-gcc, r-devel-windows-x86_64
Version: 0.1.1
Check: LazyData
Result: NOTE
'LazyData' is specified without a 'data' directory
Flavors: r-devel-linux-x86_64-debian-clang, r-devel-linux-x86_64-debian-gcc, r-devel-linux-x86_64-fedora-clang, r-devel-linux-x86_64-fedora-gcc, r-devel-windows-x86_64, r-patched-linux-x86_64, r-release-linux-x86_64, r-release-macos-arm64, r-release-macos-x86_64, r-release-windows-x86_64, r-oldrel-macos-arm64, r-oldrel-macos-x86_64, r-oldrel-windows-ix86+x86_64
Version: 0.1.1
Check: installed package size
Result: NOTE
installed size is 5.4Mb
sub-directories of 1Mb or more:
libs 5.0Mb
Flavor: r-oldrel-macos-arm64