CRAN Package Check Results for Package blockmodels

Last updated on 2022-05-28 16:49:05 CEST.

Flavor Version Tinstall Tcheck Ttotal Status Flags
r-devel-linux-x86_64-debian-clang 1.1.5 102.83 73.45 176.28 OK
r-devel-linux-x86_64-debian-gcc 1.1.5 71.05 54.90 125.95 OK
r-devel-linux-x86_64-fedora-clang 1.1.5 241.26 NOTE
r-devel-linux-x86_64-fedora-gcc 1.1.5 222.87 OK
r-devel-windows-x86_64 1.1.5 117.00 107.00 224.00 OK
r-patched-linux-x86_64 1.1.5 74.12 69.77 143.89 OK
r-release-linux-x86_64 1.1.5 81.43 69.88 151.31 OK
r-release-macos-arm64 1.1.5 57.00 NOTE
r-release-macos-x86_64 1.1.5 83.00 NOTE
r-release-windows-x86_64 1.1.5 105.00 113.00 218.00 OK
r-oldrel-macos-arm64 1.1.5 321.00 NOTE
r-oldrel-macos-x86_64 1.1.5 78.00 NOTE
r-oldrel-windows-ix86+x86_64 1.1.5 209.00 134.00 343.00 NOTE

Check Details

Version: 1.1.5
Check: installed package size
Result: NOTE
     installed size is 9.8Mb
     sub-directories of 1Mb or more:
     libs 9.3Mb
Flavors: r-devel-linux-x86_64-fedora-clang, r-release-macos-arm64, r-release-macos-x86_64, r-oldrel-macos-arm64, r-oldrel-macos-x86_64, r-oldrel-windows-ix86+x86_64