Last updated on 2022-05-16 18:50:03 CEST.
Flavor | Version | Tinstall | Tcheck | Ttotal | Status | Flags |
---|---|---|---|---|---|---|
r-devel-linux-x86_64-debian-clang | 1.1.0 | 1170.39 | 174.25 | 1344.64 | NOTE | |
r-devel-linux-x86_64-debian-gcc | 1.1.0 | 976.80 | 165.67 | 1142.47 | NOTE | |
r-devel-linux-x86_64-fedora-clang | 1.1.0 | 1925.05 | NOTE | |||
r-devel-linux-x86_64-fedora-gcc | 1.1.0 | 1907.94 | NOTE | |||
r-devel-windows-x86_64 | 1.1.0 | 634.00 | 279.00 | 913.00 | NOTE | |
r-patched-linux-x86_64 | 1.1.0 | 712.44 | 219.79 | 932.23 | NOTE | |
r-release-linux-x86_64 | 1.1.0 | 0.01 | 12.38 | 12.39 | ERROR | |
r-release-macos-arm64 | 1.1.0 | 452.00 | NOTE | |||
r-release-macos-x86_64 | 1.1.0 | 713.00 | NOTE | |||
r-release-windows-x86_64 | 1.1.0 | 670.00 | 275.00 | 945.00 | NOTE | |
r-oldrel-macos-arm64 | 1.1.0 | 360.00 | NOTE | |||
r-oldrel-macos-x86_64 | 1.1.0 | 517.00 | NOTE | |||
r-oldrel-windows-ix86+x86_64 | 1.1.0 | 76.00 | 10.00 | 86.00 | ERROR |
Version: 1.1.0
Check: for GNU extensions in Makefiles
Result: NOTE
GNU make is a SystemRequirements.
Flavors: r-devel-linux-x86_64-debian-clang, r-devel-linux-x86_64-debian-gcc, r-devel-linux-x86_64-fedora-clang, r-devel-linux-x86_64-fedora-gcc, r-devel-windows-x86_64, r-patched-linux-x86_64, r-release-macos-arm64, r-release-macos-x86_64, r-release-windows-x86_64, r-oldrel-macos-arm64, r-oldrel-macos-x86_64
Version: 1.1.0
Check: installed package size
Result: NOTE
installed size is 127.5Mb
sub-directories of 1Mb or more:
libs 126.7Mb
Flavors: r-devel-linux-x86_64-fedora-clang, r-devel-windows-x86_64, r-release-macos-arm64, r-release-macos-x86_64, r-release-windows-x86_64, r-oldrel-macos-arm64, r-oldrel-macos-x86_64
Version: 1.1.0
Check: whether package can be installed
Result: ERROR
Installation failed.
Flavors: r-release-linux-x86_64, r-oldrel-windows-ix86+x86_64