CRAN Package Check Results for Package bmscstan

Last updated on 2022-01-21 16:50:46 CET.

Flavor Version Tinstall Tcheck Ttotal Status Flags
r-devel-linux-x86_64-debian-clang 1.1.0 9.41 100.26 109.67 OK
r-devel-linux-x86_64-debian-gcc 1.1.0 6.27 76.43 82.70 OK
r-devel-linux-x86_64-fedora-clang 1.1.0 134.46 NOTE
r-devel-linux-x86_64-fedora-gcc 1.1.0 122.54 NOTE
r-devel-windows-x86_64-new-UL 1.1.0 35.00 135.00 170.00 OK
r-devel-windows-x86_64-new-TK 1.1.0 NOTE
r-patched-linux-x86_64 1.1.0 9.45 94.37 103.82 OK
r-release-linux-x86_64 1.1.0 8.15 95.05 103.20 OK
r-release-macos-arm64 1.1.0 NOTE
r-release-macos-x86_64 1.1.0 NOTE
r-release-windows-ix86+x86_64 1.1.0 25.00 110.00 135.00 OK
r-oldrel-macos-x86_64 1.1.0 NOTE
r-oldrel-windows-ix86+x86_64 1.1.0 27.00 114.00 141.00 OK

Check Details

Version: 1.1.0
Check: dependencies in R code
Result: NOTE
    Namespace in Imports field not imported from: ‘coda’
     All declared Imports should be used.
Flavors: r-devel-linux-x86_64-fedora-clang, r-devel-linux-x86_64-fedora-gcc, r-devel-windows-x86_64-new-TK, r-release-macos-arm64, r-release-macos-x86_64, r-oldrel-macos-x86_64