Last updated on 2023-02-04 08:57:25 CET.
Flavor | Version | Tinstall | Tcheck | Ttotal | Status | Flags |
---|---|---|---|---|---|---|
r-devel-linux-x86_64-debian-clang | 0.3.0 | 398.74 | 489.80 | 888.54 | NOTE | |
r-devel-linux-x86_64-debian-gcc | 0.3.0 | 320.47 | 387.80 | 708.27 | NOTE | |
r-devel-linux-x86_64-fedora-clang | 0.3.0 | 1251.83 | NOTE | |||
r-devel-linux-x86_64-fedora-gcc | 0.3.0 | 1477.05 | NOTE | |||
r-devel-windows-x86_64 | 0.3.0 | 649.00 | 594.00 | 1243.00 | NOTE | |
r-patched-linux-x86_64 | 0.3.0 | 375.45 | 499.02 | 874.47 | NOTE | |
r-release-linux-x86_64 | 0.3.0 | 353.86 | 501.92 | 855.78 | NOTE | |
r-release-macos-arm64 | 0.3.0 | 370.00 | NOTE | |||
r-release-macos-x86_64 | 0.3.0 | 521.00 | NOTE | |||
r-release-windows-x86_64 | 0.3.0 | 327.00 | 609.00 | 936.00 | NOTE | |
r-oldrel-macos-arm64 | 0.3.0 | 345.00 | NOTE | |||
r-oldrel-macos-x86_64 | 0.3.0 | 509.00 | NOTE | |||
r-oldrel-windows-ix86+x86_64 | 0.3.0 | 1106.00 | 701.00 | 1807.00 | NOTE |
Version: 0.3.0
Check: package dependencies
Result: NOTE
Package suggested but not available for checking: ‘INLA’
Flavors: r-devel-linux-x86_64-debian-clang, r-devel-linux-x86_64-debian-gcc, r-devel-windows-x86_64, r-patched-linux-x86_64, r-release-linux-x86_64, r-release-macos-arm64, r-release-macos-x86_64, r-release-windows-x86_64, r-oldrel-macos-arm64, r-oldrel-macos-x86_64
Version: 0.3.0
Check: C++ specification
Result: NOTE
Specified C++14: please update to current default of C++17
Flavors: r-devel-linux-x86_64-debian-clang, r-devel-linux-x86_64-debian-gcc, r-devel-linux-x86_64-fedora-clang, r-devel-linux-x86_64-fedora-gcc, r-devel-windows-x86_64
Version: 0.3.0
Check: for GNU extensions in Makefiles
Result: NOTE
GNU make is a SystemRequirements.
Flavors: r-devel-linux-x86_64-debian-clang, r-devel-linux-x86_64-debian-gcc, r-devel-linux-x86_64-fedora-clang, r-devel-linux-x86_64-fedora-gcc, r-devel-windows-x86_64, r-patched-linux-x86_64, r-release-linux-x86_64, r-release-macos-arm64, r-release-macos-x86_64, r-release-windows-x86_64, r-oldrel-macos-arm64, r-oldrel-macos-x86_64, r-oldrel-windows-ix86+x86_64
Version: 0.3.0
Check: installed package size
Result: NOTE
installed size is 12.7Mb
sub-directories of 1Mb or more:
doc 4.6Mb
libs 5.4Mb
Flavors: r-devel-linux-x86_64-fedora-clang, r-devel-windows-x86_64, r-release-macos-arm64, r-release-macos-x86_64, r-release-windows-x86_64, r-oldrel-macos-arm64, r-oldrel-macos-x86_64, r-oldrel-windows-ix86+x86_64