Last updated on 2022-05-29 06:51:27 CEST.
Flavor | Version | Tinstall | Tcheck | Ttotal | Status | Flags |
---|---|---|---|---|---|---|
r-devel-linux-x86_64-debian-clang | 0.4.6 | 125.37 | 130.04 | 255.41 | WARN | |
r-devel-linux-x86_64-debian-gcc | 0.4.6 | 90.78 | 91.37 | 182.15 | OK | |
r-devel-linux-x86_64-fedora-clang | 0.4.6 | 338.86 | WARN | |||
r-devel-linux-x86_64-fedora-gcc | 0.4.6 | 297.83 | OK | |||
r-devel-windows-x86_64 | 0.4.6 | 208.00 | 183.00 | 391.00 | OK | |
r-patched-linux-x86_64 | 0.4.6 | 115.43 | 125.26 | 240.69 | OK | |
r-release-linux-x86_64 | 0.4.6 | 109.28 | 122.57 | 231.85 | OK | |
r-release-macos-arm64 | 0.4.6 | 82.00 | NOTE | |||
r-release-macos-x86_64 | 0.4.6 | 106.00 | NOTE | |||
r-release-windows-x86_64 | 0.4.6 | 438.00 | 188.00 | 626.00 | OK | |
r-oldrel-macos-arm64 | 0.4.6 | 82.00 | NOTE | |||
r-oldrel-macos-x86_64 | 0.4.6 | 120.00 | NOTE | |||
r-oldrel-windows-ix86+x86_64 | 0.4.6 | 250.00 | 236.00 | 486.00 | OK |
Version: 0.4.6
Check: whether package can be installed
Result: WARN
Found the following significant warnings:
basic-misc.cpp:29:7: warning: use of bitwise '&' with boolean operands [-Wbitwise-instead-of-logical]
Flavors: r-devel-linux-x86_64-debian-clang, r-devel-linux-x86_64-fedora-clang
Version: 0.4.6
Check: installed package size
Result: NOTE
installed size is 5.5Mb
sub-directories of 1Mb or more:
libs 4.6Mb
Flavors: r-devel-linux-x86_64-fedora-clang, r-release-macos-arm64, r-release-macos-x86_64, r-oldrel-macos-arm64, r-oldrel-macos-x86_64