Last updated on 2022-05-18 03:53:33 CEST.
Flavor | Version | Tinstall | Tcheck | Ttotal | Status | Flags |
---|---|---|---|---|---|---|
r-devel-linux-x86_64-debian-clang | 1.2.0 | 5.39 | 78.98 | 84.37 | OK | |
r-devel-linux-x86_64-debian-gcc | 1.2.0 | 3.28 | 61.63 | 64.91 | OK | |
r-devel-linux-x86_64-fedora-clang | 1.2.0 | 99.09 | OK | |||
r-devel-linux-x86_64-fedora-gcc | 1.2.0 | 100.62 | OK | |||
r-devel-windows-x86_64 | 1.2.0 | 20.00 | 110.00 | 130.00 | OK | |
r-patched-linux-x86_64 | 1.2.0 | 3.42 | 77.58 | 81.00 | OK | |
r-release-linux-x86_64 | 1.2.0 | 3.58 | 77.19 | 80.77 | OK | |
r-release-macos-arm64 | 1.2.0 | 29.00 | NOTE | |||
r-release-macos-x86_64 | 1.2.0 | 43.00 | NOTE | |||
r-release-windows-x86_64 | 1.2.0 | 19.00 | 111.00 | 130.00 | OK | |
r-oldrel-macos-arm64 | 1.2.0 | 37.00 | NOTE | |||
r-oldrel-macos-x86_64 | 1.2.0 | 46.00 | NOTE | |||
r-oldrel-windows-ix86+x86_64 | 1.2.0 | 9.00 | 93.00 | 102.00 | OK |
Version: 1.2.0
Check: package dependencies
Result: NOTE
Package suggested but not available for checking: ‘sangerseqR’
Flavors: r-release-macos-arm64, r-release-macos-x86_64, r-oldrel-macos-arm64, r-oldrel-macos-x86_64