CRAN Package Check Results for Package bootcluster

Last updated on 2022-05-24 13:50:16 CEST.

Flavor Version Tinstall Tcheck Ttotal Status Flags
r-devel-linux-x86_64-debian-clang 0.3.2 13.68 123.02 136.70 OK
r-devel-linux-x86_64-debian-gcc 0.3.2 11.56 91.07 102.63 OK
r-devel-linux-x86_64-fedora-clang 0.3.2 169.71 NOTE
r-devel-linux-x86_64-fedora-gcc 0.3.2 158.47 NOTE
r-devel-windows-x86_64 0.3.2 27.00 138.00 165.00 OK
r-patched-linux-x86_64 0.3.2 14.02 116.22 130.24 OK
r-release-linux-x86_64 0.3.2 OK
r-release-macos-arm64 0.3.2 45.00 NOTE
r-release-macos-x86_64 0.3.2 76.00 NOTE
r-release-windows-x86_64 0.3.2 27.00 143.00 170.00 OK
r-oldrel-macos-arm64 0.3.2 40.00 NOTE
r-oldrel-macos-x86_64 0.3.2 58.00 NOTE
r-oldrel-windows-ix86+x86_64 0.3.2 32.00 130.00 162.00 OK

Check Details

Version: 0.3.2
Check: dependencies in R code
Result: NOTE
    Namespace in Imports field not imported from: ‘sna’
     All declared Imports should be used.
Flavors: r-devel-linux-x86_64-fedora-clang, r-devel-linux-x86_64-fedora-gcc, r-release-macos-arm64, r-release-macos-x86_64, r-oldrel-macos-arm64, r-oldrel-macos-x86_64