CRAN Package Check Results for Package bpcs

Last updated on 2022-05-21 00:50:51 CEST.

Flavor Version Tinstall Tcheck Ttotal Status Flags
r-devel-linux-x86_64-debian-clang 1.0.0 235.99 144.19 380.18 NOTE
r-devel-linux-x86_64-debian-gcc 1.0.0 225.15 117.38 342.53 NOTE
r-devel-linux-x86_64-fedora-clang 1.0.0 513.92 NOTE
r-devel-linux-x86_64-fedora-gcc 1.0.0 533.64 NOTE
r-devel-windows-x86_64 1.0.0 202.00 208.00 410.00 NOTE
r-patched-linux-x86_64 1.0.0 162.34 152.13 314.47 NOTE
r-release-linux-x86_64 1.0.0 168.16 150.06 318.22 NOTE
r-release-macos-arm64 1.0.0 140.00 NOTE
r-release-macos-x86_64 1.0.0 235.00 NOTE
r-release-windows-x86_64 1.0.0 194.00 218.00 412.00 NOTE
r-oldrel-macos-arm64 1.0.0 206.00 NOTE
r-oldrel-macos-x86_64 1.0.0 230.00 NOTE
r-oldrel-windows-ix86+x86_64 1.0.0 535.00 242.00 777.00 NOTE

Additional issues

clang-UBSAN

Check Details

Version: 1.0.0
Check: for GNU extensions in Makefiles
Result: NOTE
    GNU make is a SystemRequirements.
Flavors: r-devel-linux-x86_64-debian-clang, r-devel-linux-x86_64-debian-gcc, r-devel-linux-x86_64-fedora-clang, r-devel-linux-x86_64-fedora-gcc, r-devel-windows-x86_64, r-patched-linux-x86_64, r-release-linux-x86_64, r-release-macos-arm64, r-release-macos-x86_64, r-release-windows-x86_64, r-oldrel-macos-arm64, r-oldrel-macos-x86_64, r-oldrel-windows-ix86+x86_64

Version: 1.0.0
Check: installed package size
Result: NOTE
     installed size is 29.8Mb
     sub-directories of 1Mb or more:
     libs 29.0Mb
Flavors: r-devel-linux-x86_64-fedora-clang, r-release-macos-arm64, r-release-macos-x86_64, r-oldrel-macos-arm64, r-oldrel-macos-x86_64, r-oldrel-windows-ix86+x86_64

Version: 1.0.0
Check: data for non-ASCII characters
Result: NOTE
     Note: found 1448 marked UTF-8 strings
Flavors: r-devel-linux-x86_64-fedora-clang, r-devel-linux-x86_64-fedora-gcc, r-release-macos-arm64, r-release-macos-x86_64, r-oldrel-macos-arm64, r-oldrel-macos-x86_64