Last updated on 2022-05-21 19:51:37 CEST.
Flavor | Version | Tinstall | Tcheck | Ttotal | Status | Flags |
---|---|---|---|---|---|---|
r-devel-linux-x86_64-debian-clang | 0.3.0 | 3.28 | 37.01 | 40.29 | NOTE | |
r-devel-linux-x86_64-debian-gcc | 0.3.0 | 2.44 | 28.51 | 30.95 | NOTE | |
r-devel-linux-x86_64-fedora-clang | 0.3.0 | 48.20 | NOTE | |||
r-devel-linux-x86_64-fedora-gcc | 0.3.0 | 46.73 | NOTE | |||
r-devel-windows-x86_64 | 0.3.0 | 26.00 | 53.00 | 79.00 | NOTE | |
r-patched-linux-x86_64 | 0.3.0 | 3.29 | 35.11 | 38.40 | NOTE | |
r-release-linux-x86_64 | 0.3.0 | 2.94 | 35.13 | 38.07 | NOTE | |
r-release-macos-arm64 | 0.3.0 | 17.00 | NOTE | |||
r-release-macos-x86_64 | 0.3.0 | 22.00 | NOTE | |||
r-release-windows-x86_64 | 0.3.0 | 35.00 | 54.00 | 89.00 | NOTE | |
r-oldrel-macos-arm64 | 0.3.0 | 21.00 | NOTE | |||
r-oldrel-macos-x86_64 | 0.3.0 | 29.00 | NOTE | |||
r-oldrel-windows-ix86+x86_64 | 0.3.0 | 7.00 | 53.00 | 60.00 | NOTE |
Version: 0.3.0
Check: LazyData
Result: NOTE
'LazyData' is specified without a 'data' directory
Flavors: r-devel-linux-x86_64-debian-clang, r-devel-linux-x86_64-debian-gcc, r-devel-linux-x86_64-fedora-clang, r-devel-linux-x86_64-fedora-gcc, r-devel-windows-x86_64, r-patched-linux-x86_64, r-release-linux-x86_64, r-release-macos-arm64, r-release-macos-x86_64, r-release-windows-x86_64, r-oldrel-macos-arm64, r-oldrel-macos-x86_64, r-oldrel-windows-ix86+x86_64